{"id":563,"date":"2012-02-04T23:19:30","date_gmt":"2012-02-04T23:19:30","guid":{"rendered":"https:\/\/www.cuellar.es\/murallasdecuellar\/?page_id=563"},"modified":"2012-03-08T19:43:25","modified_gmt":"2012-03-08T19:43:25","slug":"las-murallas-de-cuellar-en-la-documentacion-historica","status":"publish","type":"page","link":"https:\/\/www.cuellar.es\/murallasdecuellar\/las-murallas-de-cuellar\/las-murallas-de-cuellar-en-la-documentacion-historica\/","title":{"rendered":"Las Murallas de Cu\u00e9llar en la Documentaci\u00f3n Hist\u00f3rica"},"content":{"rendered":"<p>La historia de las murallas de Cu\u00e9llar ha sido recogida por multitud de documentos a lo largo de la historia.<\/p>\n<p>La consulta de estos documentos, junto al de otros estudios sobre Cu\u00e9llar, nos ha permitido elaborar esta memoria sobre las murallas de Cu\u00e9llar.<\/p>\n","protected":false},"excerpt":{"rendered":"<p>La historia de las murallas de Cu\u00e9llar ha sido recogida por multitud de documentos a lo largo de la historia. La consulta de estos documentos, junto al de otros estudios sobre Cu\u00e9llar, nos ha permitido elaborar esta memoria sobre las murallas de Cu\u00e9llar.<\/p>\n","protected":false},"author":4,"featured_media":821,"parent":373,"menu_order":5,"comment_status":"closed","ping_status":"closed","template":"","meta":{"ngg_post_thumbnail":0,"footnotes":""},"class_list":["post-563","page","type-page","status-publish","has-post-thumbnail","hentry","nodate","item-wrap"],"_links":{"self":[{"href":"https:\/\/www.cuellar.es\/murallasdecuellar\/wp-json\/wp\/v2\/pages\/563","targetHints":{"allow":["GET"]}}],"collection":[{"href":"https:\/\/www.cuellar.es\/murallasdecuellar\/wp-json\/wp\/v2\/pages"}],"about":[{"href":"https:\/\/www.cuellar.es\/murallasdecuellar\/wp-json\/wp\/v2\/types\/page"}],"author":[{"embeddable":true,"href":"https:\/\/www.cuellar.es\/murallasdecuellar\/wp-json\/wp\/v2\/users\/4"}],"replies":[{"embeddable":true,"href":"https:\/\/www.cuellar.es\/murallasdecuellar\/wp-json\/wp\/v2\/comments?post=563"}],"version-history":[{"count":4,"href":"https:\/\/www.cuellar.es\/murallasdecuellar\/wp-json\/wp\/v2\/pages\/563\/revisions"}],"predecessor-version":[{"id":968,"href":"https:\/\/www.cuellar.es\/murallasdecuellar\/wp-json\/wp\/v2\/pages\/563\/revisions\/968"}],"up":[{"embeddable":true,"href":"https:\/\/www.cuellar.es\/murallasdecuellar\/wp-json\/wp\/v2\/pages\/373"}],"wp:featuredmedia":[{"embeddable":true,"href":"https:\/\/www.cuellar.es\/murallasdecuellar\/wp-json\/wp\/v2\/media\/821"}],"wp:attachment":[{"href":"https:\/\/www.cuellar.es\/murallasdecuellar\/wp-json\/wp\/v2\/media?parent=563"}],"curies":[{"name":"wp","href":"https:\/\/api.w.org\/{rel}","templated":true}]}}

Las Murallas de Cuéllar en la Documentación Histórica

<p>La historia de las murallas de Cuéllar ha sido recogida por multitud de documentos a lo largo de la historia.</p>
<p>La consulta de estos documentos, junto al de otros estudios sobre Cuéllar, nos ha permitido elaborar esta memoria sobre las murallas de Cuéllar.</p>

<p>La historia de las murallas de Cuéllar ha sido recogida por multitud de documentos a lo largo de la historia. La consulta de estos documentos, junto al de otros estudios sobre Cuéllar, nos ha permitido elaborar esta memoria sobre las murallas de Cuéllar.</p>
