{"id":542,"date":"2012-02-04T23:03:43","date_gmt":"2012-02-04T23:03:43","guid":{"rendered":"https:\/\/www.cuellar.es\/murallasdecuellar\/?page_id=542"},"modified":"2012-02-04T23:03:43","modified_gmt":"2012-02-04T23:03:43","slug":"tramo-5-de-la-puerta-de-san-andres-a-la-puerta-de-la-juderia","status":"publish","type":"page","link":"https:\/\/www.cuellar.es\/murallasdecuellar\/las-murallas-de-cuellar\/descripcion-de-las-murallas\/recinto-murado-de-la-ciudad\/tramo-5-de-la-puerta-de-san-andres-a-la-puerta-de-la-juderia\/","title":{"rendered":"Tramo 5: de la Puerta de San Andr\u00e9s a la Puerta de la Juder\u00eda"},"content":{"rendered":"<p>Coincidiendo con la puerta de San Andr\u00e9s la muralla gira hacia el suroeste para terminar cerrando el segundo recinto con la puerta de la Juder\u00eda.<\/p>\n","protected":false},"excerpt":{"rendered":"<p>Coincidiendo con la puerta de San Andr\u00e9s la muralla gira hacia el suroeste para terminar cerrando el segundo recinto con la puerta de la Juder\u00eda.<\/p>\n","protected":false},"author":4,"featured_media":0,"parent":495,"menu_order":5,"comment_status":"closed","ping_status":"closed","template":"","meta":{"ngg_post_thumbnail":0,"footnotes":""},"class_list":["post-542","page","type-page","status-publish","hentry","nodate","item-wrap"],"_links":{"self":[{"href":"https:\/\/www.cuellar.es\/murallasdecuellar\/wp-json\/wp\/v2\/pages\/542","targetHints":{"allow":["GET"]}}],"collection":[{"href":"https:\/\/www.cuellar.es\/murallasdecuellar\/wp-json\/wp\/v2\/pages"}],"about":[{"href":"https:\/\/www.cuellar.es\/murallasdecuellar\/wp-json\/wp\/v2\/types\/page"}],"author":[{"embeddable":true,"href":"https:\/\/www.cuellar.es\/murallasdecuellar\/wp-json\/wp\/v2\/users\/4"}],"replies":[{"embeddable":true,"href":"https:\/\/www.cuellar.es\/murallasdecuellar\/wp-json\/wp\/v2\/comments?post=542"}],"version-history":[{"count":1,"href":"https:\/\/www.cuellar.es\/murallasdecuellar\/wp-json\/wp\/v2\/pages\/542\/revisions"}],"predecessor-version":[{"id":543,"href":"https:\/\/www.cuellar.es\/murallasdecuellar\/wp-json\/wp\/v2\/pages\/542\/revisions\/543"}],"up":[{"embeddable":true,"href":"https:\/\/www.cuellar.es\/murallasdecuellar\/wp-json\/wp\/v2\/pages\/495"}],"wp:attachment":[{"href":"https:\/\/www.cuellar.es\/murallasdecuellar\/wp-json\/wp\/v2\/media?parent=542"}],"curies":[{"name":"wp","href":"https:\/\/api.w.org\/{rel}","templated":true}]}}

Tramo 5: de la Puerta de San Andrés a la Puerta de la Judería

<p>Coincidiendo con la puerta de San Andrés la muralla gira hacia el suroeste para terminar cerrando el segundo recinto con la puerta de la Judería.</p>
