{"id":539,"date":"2012-02-05T10:50:57","date_gmt":"2012-02-05T10:50:57","guid":{"rendered":"https:\/\/www.cuellar.es\/murallasdecuellar\/?page_id=539"},"modified":"2012-02-05T10:50:57","modified_gmt":"2012-02-05T10:50:57","slug":"la-torre-de-la-magdalena","status":"publish","type":"page","link":"https:\/\/www.cuellar.es\/murallasdecuellar\/las-murallas-de-cuellar\/descripcion-de-las-murallas\/recinto-murado-de-la-ciudad\/tramo-4-de-la-puerta-de-carchena-a-la-puerta-de-san-andres\/la-muralla-en-la-calle-nueva\/la-torre-de-la-magdalena\/","title":{"rendered":"La Torre de la Magdalena"},"content":{"rendered":"<p>Coincidiendo con el lienzo del antiguo Hospital de la Magdalena se encontraba adosado al pa\u00f1o de la muralla una torre de la que solamente queda parte de la cimentaci\u00f3n en la liza y en alguna fotograf\u00eda antigua que se puede ver la torre antes de que fuese mandada desmontar en los a\u00f1os cincuenta del pasado siglo XX.<\/p>\n","protected":false},"excerpt":{"rendered":"<p>Coincidiendo con el lienzo del antiguo Hospital de la Magdalena se encontraba adosado al pa\u00f1o de la muralla una torre de la que solamente queda parte de la cimentaci\u00f3n en la liza y en alguna fotograf\u00eda antigua que se puede ver la torre antes de que fuese mandada desmontar en los a\u00f1os cincuenta del pasado &hellip; <\/p>\n<p><a class=\"more-link btn\" href=\"https:\/\/www.cuellar.es\/murallasdecuellar\/las-murallas-de-cuellar\/descripcion-de-las-murallas\/recinto-murado-de-la-ciudad\/tramo-4-de-la-puerta-de-carchena-a-la-puerta-de-san-andres\/la-muralla-en-la-calle-nueva\/la-torre-de-la-magdalena\/\">Seguir leyendo<\/a><\/p>\n","protected":false},"author":4,"featured_media":0,"parent":533,"menu_order":3,"comment_status":"closed","ping_status":"closed","template":"","meta":{"ngg_post_thumbnail":0,"footnotes":""},"class_list":["post-539","page","type-page","status-publish","hentry","nodate","item-wrap"],"_links":{"self":[{"href":"https:\/\/www.cuellar.es\/murallasdecuellar\/wp-json\/wp\/v2\/pages\/539","targetHints":{"allow":["GET"]}}],"collection":[{"href":"https:\/\/www.cuellar.es\/murallasdecuellar\/wp-json\/wp\/v2\/pages"}],"about":[{"href":"https:\/\/www.cuellar.es\/murallasdecuellar\/wp-json\/wp\/v2\/types\/page"}],"author":[{"embeddable":true,"href":"https:\/\/www.cuellar.es\/murallasdecuellar\/wp-json\/wp\/v2\/users\/4"}],"replies":[{"embeddable":true,"href":"https:\/\/www.cuellar.es\/murallasdecuellar\/wp-json\/wp\/v2\/comments?post=539"}],"version-history":[{"count":2,"href":"https:\/\/www.cuellar.es\/murallasdecuellar\/wp-json\/wp\/v2\/pages\/539\/revisions"}],"predecessor-version":[{"id":573,"href":"https:\/\/www.cuellar.es\/murallasdecuellar\/wp-json\/wp\/v2\/pages\/539\/revisions\/573"}],"up":[{"embeddable":true,"href":"https:\/\/www.cuellar.es\/murallasdecuellar\/wp-json\/wp\/v2\/pages\/533"}],"wp:attachment":[{"href":"https:\/\/www.cuellar.es\/murallasdecuellar\/wp-json\/wp\/v2\/media?parent=539"}],"curies":[{"name":"wp","href":"https:\/\/api.w.org\/{rel}","templated":true}]}}

<p>Coincidiendo con el lienzo del antiguo Hospital de la Magdalena se encontraba adosado al paño de la muralla una torre de la que solamente queda parte de la cimentación en la liza y en alguna fotografía antigua que se puede ver la torre antes de que fuese mandada desmontar en los años cincuenta del pasado siglo XX.</p>

<p>Coincidiendo con el lienzo del antiguo Hospital de la Magdalena se encontraba adosado al paño de la muralla una torre de la que solamente queda parte de la cimentación en la liza y en alguna fotografía antigua que se puede ver la torre antes de que fuese mandada desmontar en los años cincuenta del pasado &hellip; </p>
<p><a class="more-link btn" href="https://www.cuellar.es/murallasdecuellar/las-murallas-de-cuellar/descripcion-de-las-murallas/recinto-murado-de-la-ciudad/tramo-4-de-la-puerta-de-carchena-a-la-puerta-de-san-andres/la-muralla-en-la-calle-nueva/la-torre-de-la-magdalena/">Seguir leyendo</a></p>
