{"id":537,"date":"2012-02-04T22:58:52","date_gmt":"2012-02-04T22:58:52","guid":{"rendered":"https:\/\/www.cuellar.es\/murallasdecuellar\/?page_id=537"},"modified":"2012-02-04T22:58:52","modified_gmt":"2012-02-04T22:58:52","slug":"la-puerta-del-mercado","status":"publish","type":"page","link":"https:\/\/www.cuellar.es\/murallasdecuellar\/las-murallas-de-cuellar\/descripcion-de-las-murallas\/recinto-murado-de-la-ciudad\/tramo-4-de-la-puerta-de-carchena-a-la-puerta-de-san-andres\/la-muralla-en-la-calle-nueva\/la-puerta-del-mercado\/","title":{"rendered":"La Puerta del Mercado"},"content":{"rendered":"<p>Junto a la capilla de la Magdalena encontramos una peque\u00f1a puerta abierta en la muralla con un vano de 2,15 m. de ancho por 3,5 m. de alto. Su f\u00e1brica es de mamposter\u00eda y no conserva siller\u00eda que posiblemente ha desaparecido. Su origen ser\u00eda altomedieval y de estilo mud\u00e9jar ya que en su interior se conserva parte de un arco de ladrillo.<\/p>\n<p>El nombre de puerta del Mercado aparece en una documentaci\u00f3n antigua que har\u00eda referencia a la actual plaza del Mercado del Pan.<\/p>\n","protected":false},"excerpt":{"rendered":"<p>Junto a la capilla de la Magdalena encontramos una peque\u00f1a puerta abierta en la muralla con un vano de 2,15 m. de ancho por 3,5 m. de alto. Su f\u00e1brica es de mamposter\u00eda y no conserva siller\u00eda que posiblemente ha desaparecido. Su origen ser\u00eda altomedieval y de estilo mud\u00e9jar ya que en su interior se &hellip; <\/p>\n<p><a class=\"more-link btn\" href=\"https:\/\/www.cuellar.es\/murallasdecuellar\/las-murallas-de-cuellar\/descripcion-de-las-murallas\/recinto-murado-de-la-ciudad\/tramo-4-de-la-puerta-de-carchena-a-la-puerta-de-san-andres\/la-muralla-en-la-calle-nueva\/la-puerta-del-mercado\/\">Seguir leyendo<\/a><\/p>\n","protected":false},"author":4,"featured_media":0,"parent":533,"menu_order":2,"comment_status":"closed","ping_status":"closed","template":"","meta":{"ngg_post_thumbnail":0,"footnotes":""},"class_list":["post-537","page","type-page","status-publish","hentry","nodate","item-wrap"],"_links":{"self":[{"href":"https:\/\/www.cuellar.es\/murallasdecuellar\/wp-json\/wp\/v2\/pages\/537","targetHints":{"allow":["GET"]}}],"collection":[{"href":"https:\/\/www.cuellar.es\/murallasdecuellar\/wp-json\/wp\/v2\/pages"}],"about":[{"href":"https:\/\/www.cuellar.es\/murallasdecuellar\/wp-json\/wp\/v2\/types\/page"}],"author":[{"embeddable":true,"href":"https:\/\/www.cuellar.es\/murallasdecuellar\/wp-json\/wp\/v2\/users\/4"}],"replies":[{"embeddable":true,"href":"https:\/\/www.cuellar.es\/murallasdecuellar\/wp-json\/wp\/v2\/comments?post=537"}],"version-history":[{"count":1,"href":"https:\/\/www.cuellar.es\/murallasdecuellar\/wp-json\/wp\/v2\/pages\/537\/revisions"}],"predecessor-version":[{"id":538,"href":"https:\/\/www.cuellar.es\/murallasdecuellar\/wp-json\/wp\/v2\/pages\/537\/revisions\/538"}],"up":[{"embeddable":true,"href":"https:\/\/www.cuellar.es\/murallasdecuellar\/wp-json\/wp\/v2\/pages\/533"}],"wp:attachment":[{"href":"https:\/\/www.cuellar.es\/murallasdecuellar\/wp-json\/wp\/v2\/media?parent=537"}],"curies":[{"name":"wp","href":"https:\/\/api.w.org\/{rel}","templated":true}]}}

<p>Junto a la capilla de la Magdalena encontramos una pequeña puerta abierta en la muralla con un vano de 2,15 m. de ancho por 3,5 m. de alto. Su fábrica es de mampostería y no conserva sillería que posiblemente ha desaparecido. Su origen sería altomedieval y de estilo mudéjar ya que en su interior se conserva parte de un arco de ladrillo.</p>
<p>El nombre de puerta del Mercado aparece en una documentación antigua que haría referencia a la actual plaza del Mercado del Pan.</p>

<p>Junto a la capilla de la Magdalena encontramos una pequeña puerta abierta en la muralla con un vano de 2,15 m. de ancho por 3,5 m. de alto. Su fábrica es de mampostería y no conserva sillería que posiblemente ha desaparecido. Su origen sería altomedieval y de estilo mudéjar ya que en su interior se &hellip; </p>
<p><a class="more-link btn" href="https://www.cuellar.es/murallasdecuellar/las-murallas-de-cuellar/descripcion-de-las-murallas/recinto-murado-de-la-ciudad/tramo-4-de-la-puerta-de-carchena-a-la-puerta-de-san-andres/la-muralla-en-la-calle-nueva/la-puerta-del-mercado/">Seguir leyendo</a></p>
