{"id":535,"date":"2012-02-04T22:58:12","date_gmt":"2012-02-04T22:58:12","guid":{"rendered":"https:\/\/www.cuellar.es\/murallasdecuellar\/?page_id=535"},"modified":"2012-02-04T22:58:12","modified_gmt":"2012-02-04T22:58:12","slug":"la-contramuralla","status":"publish","type":"page","link":"https:\/\/www.cuellar.es\/murallasdecuellar\/las-murallas-de-cuellar\/descripcion-de-las-murallas\/recinto-murado-de-la-ciudad\/tramo-4-de-la-puerta-de-carchena-a-la-puerta-de-san-andres\/la-muralla-en-la-calle-nueva\/la-contramuralla\/","title":{"rendered":"La Contramuralla"},"content":{"rendered":"<p>A pesar de que en su altura no se conserva en su totalidad si es muy interesante que acompa\u00f1ando a gran parte del recorrido de la muralla se conserva la traza de la barbacana que dejaba una liza que var\u00eda su anchura entre 3 y 5 metros y que en parte no podr\u00eda ser transitable por su exceso de pendiente, pero que desde el desaparecido Hospital de la Magdalena permit\u00eda su recorrido interno hasta la puerta de San Andr\u00e9s. Esta contramuralla tendr\u00eda una anchura en su base de unos 75 cm, reduci\u00e9ndose su espesor a medida que se levantaba llegando en su parte superior a no superar los 50 cm.<\/p>\n","protected":false},"excerpt":{"rendered":"<p>A pesar de que en su altura no se conserva en su totalidad si es muy interesante que acompa\u00f1ando a gran parte del recorrido de la muralla se conserva la traza de la barbacana que dejaba una liza que var\u00eda su anchura entre 3 y 5 metros y que en parte no podr\u00eda ser transitable &hellip; <\/p>\n<p><a class=\"more-link btn\" href=\"https:\/\/www.cuellar.es\/murallasdecuellar\/las-murallas-de-cuellar\/descripcion-de-las-murallas\/recinto-murado-de-la-ciudad\/tramo-4-de-la-puerta-de-carchena-a-la-puerta-de-san-andres\/la-muralla-en-la-calle-nueva\/la-contramuralla\/\">Seguir leyendo<\/a><\/p>\n","protected":false},"author":4,"featured_media":0,"parent":533,"menu_order":1,"comment_status":"closed","ping_status":"closed","template":"","meta":{"ngg_post_thumbnail":0,"footnotes":""},"class_list":["post-535","page","type-page","status-publish","hentry","nodate","item-wrap"],"_links":{"self":[{"href":"https:\/\/www.cuellar.es\/murallasdecuellar\/wp-json\/wp\/v2\/pages\/535","targetHints":{"allow":["GET"]}}],"collection":[{"href":"https:\/\/www.cuellar.es\/murallasdecuellar\/wp-json\/wp\/v2\/pages"}],"about":[{"href":"https:\/\/www.cuellar.es\/murallasdecuellar\/wp-json\/wp\/v2\/types\/page"}],"author":[{"embeddable":true,"href":"https:\/\/www.cuellar.es\/murallasdecuellar\/wp-json\/wp\/v2\/users\/4"}],"replies":[{"embeddable":true,"href":"https:\/\/www.cuellar.es\/murallasdecuellar\/wp-json\/wp\/v2\/comments?post=535"}],"version-history":[{"count":1,"href":"https:\/\/www.cuellar.es\/murallasdecuellar\/wp-json\/wp\/v2\/pages\/535\/revisions"}],"predecessor-version":[{"id":536,"href":"https:\/\/www.cuellar.es\/murallasdecuellar\/wp-json\/wp\/v2\/pages\/535\/revisions\/536"}],"up":[{"embeddable":true,"href":"https:\/\/www.cuellar.es\/murallasdecuellar\/wp-json\/wp\/v2\/pages\/533"}],"wp:attachment":[{"href":"https:\/\/www.cuellar.es\/murallasdecuellar\/wp-json\/wp\/v2\/media?parent=535"}],"curies":[{"name":"wp","href":"https:\/\/api.w.org\/{rel}","templated":true}]}}

<p>A pesar de que en su altura no se conserva en su totalidad si es muy interesante que acompañando a gran parte del recorrido de la muralla se conserva la traza de la barbacana que dejaba una liza que varía su anchura entre 3 y 5 metros y que en parte no podría ser transitable por su exceso de pendiente, pero que desde el desaparecido Hospital de la Magdalena permitía su recorrido interno hasta la puerta de San Andrés. Esta contramuralla tendría una anchura en su base de unos 75 cm, reduciéndose su espesor a medida que se levantaba llegando en su parte superior a no superar los 50 cm.</p>

<p>A pesar de que en su altura no se conserva en su totalidad si es muy interesante que acompañando a gran parte del recorrido de la muralla se conserva la traza de la barbacana que dejaba una liza que varía su anchura entre 3 y 5 metros y que en parte no podría ser transitable &hellip; </p>
<p><a class="more-link btn" href="https://www.cuellar.es/murallasdecuellar/las-murallas-de-cuellar/descripcion-de-las-murallas/recinto-murado-de-la-ciudad/tramo-4-de-la-puerta-de-carchena-a-la-puerta-de-san-andres/la-muralla-en-la-calle-nueva/la-contramuralla/">Seguir leyendo</a></p>
