{"id":525,"date":"2012-02-04T22:51:07","date_gmt":"2012-02-04T22:51:07","guid":{"rendered":"https:\/\/www.cuellar.es\/murallasdecuellar\/?page_id=525"},"modified":"2012-02-04T22:51:07","modified_gmt":"2012-02-04T22:51:07","slug":"la-puerta-de-carchena","status":"publish","type":"page","link":"https:\/\/www.cuellar.es\/murallasdecuellar\/las-murallas-de-cuellar\/descripcion-de-las-murallas\/recinto-murado-de-la-ciudad\/tramo-3-de-la-puerta-de-san-pedro-a-la-puerta-de-carchena\/la-puerta-de-carchena\/","title":{"rendered":"La Puerta de Carchena"},"content":{"rendered":"<p>De la puerta de Carchena o Larchena, tambi\u00e9n llamada \u201cArco de San Francisco\u201d por encontrarse frente a la \u201cespacio conventual franciscano\u201d donde se encuentran los conventos de Santa Ana, La Concepci\u00f3n y San Francisco, solamente se conservan una parte de lo que ser\u00eda la torre del lado Norte teniendo una anchura que supera los 4 metros. Por su estado ruinoso se mand\u00f3 derribar en el a\u00f1o 1873<\/p>\n","protected":false},"excerpt":{"rendered":"<p>De la puerta de Carchena o Larchena, tambi\u00e9n llamada \u201cArco de San Francisco\u201d por encontrarse frente a la \u201cespacio conventual franciscano\u201d donde se encuentran los conventos de Santa Ana, La Concepci\u00f3n y San Francisco, solamente se conservan una parte de lo que ser\u00eda la torre del lado Norte teniendo una anchura que supera los 4 &hellip; <\/p>\n<p><a class=\"more-link btn\" href=\"https:\/\/www.cuellar.es\/murallasdecuellar\/las-murallas-de-cuellar\/descripcion-de-las-murallas\/recinto-murado-de-la-ciudad\/tramo-3-de-la-puerta-de-san-pedro-a-la-puerta-de-carchena\/la-puerta-de-carchena\/\">Seguir leyendo<\/a><\/p>\n","protected":false},"author":4,"featured_media":0,"parent":519,"menu_order":3,"comment_status":"closed","ping_status":"closed","template":"","meta":{"ngg_post_thumbnail":0,"footnotes":""},"class_list":["post-525","page","type-page","status-publish","hentry","nodate","item-wrap"],"_links":{"self":[{"href":"https:\/\/www.cuellar.es\/murallasdecuellar\/wp-json\/wp\/v2\/pages\/525","targetHints":{"allow":["GET"]}}],"collection":[{"href":"https:\/\/www.cuellar.es\/murallasdecuellar\/wp-json\/wp\/v2\/pages"}],"about":[{"href":"https:\/\/www.cuellar.es\/murallasdecuellar\/wp-json\/wp\/v2\/types\/page"}],"author":[{"embeddable":true,"href":"https:\/\/www.cuellar.es\/murallasdecuellar\/wp-json\/wp\/v2\/users\/4"}],"replies":[{"embeddable":true,"href":"https:\/\/www.cuellar.es\/murallasdecuellar\/wp-json\/wp\/v2\/comments?post=525"}],"version-history":[{"count":1,"href":"https:\/\/www.cuellar.es\/murallasdecuellar\/wp-json\/wp\/v2\/pages\/525\/revisions"}],"predecessor-version":[{"id":526,"href":"https:\/\/www.cuellar.es\/murallasdecuellar\/wp-json\/wp\/v2\/pages\/525\/revisions\/526"}],"up":[{"embeddable":true,"href":"https:\/\/www.cuellar.es\/murallasdecuellar\/wp-json\/wp\/v2\/pages\/519"}],"wp:attachment":[{"href":"https:\/\/www.cuellar.es\/murallasdecuellar\/wp-json\/wp\/v2\/media?parent=525"}],"curies":[{"name":"wp","href":"https:\/\/api.w.org\/{rel}","templated":true}]}}

<p>De la puerta de Carchena o Larchena, también llamada “Arco de San Francisco” por encontrarse frente a la “espacio conventual franciscano” donde se encuentran los conventos de Santa Ana, La Concepción y San Francisco, solamente se conservan una parte de lo que sería la torre del lado Norte teniendo una anchura que supera los 4 metros. Por su estado ruinoso se mandó derribar en el año 1873</p>

<p>De la puerta de Carchena o Larchena, también llamada “Arco de San Francisco” por encontrarse frente a la “espacio conventual franciscano” donde se encuentran los conventos de Santa Ana, La Concepción y San Francisco, solamente se conservan una parte de lo que sería la torre del lado Norte teniendo una anchura que supera los 4 &hellip; </p>
<p><a class="more-link btn" href="https://www.cuellar.es/murallasdecuellar/las-murallas-de-cuellar/descripcion-de-las-murallas/recinto-murado-de-la-ciudad/tramo-3-de-la-puerta-de-san-pedro-a-la-puerta-de-carchena/la-puerta-de-carchena/">Seguir leyendo</a></p>
