{"id":517,"date":"2012-02-04T22:46:45","date_gmt":"2012-02-04T22:46:45","guid":{"rendered":"https:\/\/www.cuellar.es\/murallasdecuellar\/?page_id=517"},"modified":"2012-03-07T22:27:47","modified_gmt":"2012-03-07T22:27:47","slug":"la-iglesia-de-san-pedro","status":"publish","type":"page","link":"https:\/\/www.cuellar.es\/murallasdecuellar\/las-murallas-de-cuellar\/descripcion-de-las-murallas\/recinto-murado-de-la-ciudad\/tramo-2-de-la-puerta-de-la-trinidad-a-la-puerta-de-san-pedro\/la-iglesia-de-san-pedro\/","title":{"rendered":"La iglesia de San Pedro"},"content":{"rendered":"<p>Por su importante arquitectura es el monumento m\u00e1s destacado que se encuentra en la parte Sur del conjunto hist\u00f3rico, no solamente por su valor como templo con restos rom\u00e1nicos o g\u00f3ticos sino porque tambi\u00e9n forma parte de la muralla al haber servido como baluarte defensivo donde destaca a\u00fan en la actualidad su <a href=\"https:\/\/www.cuellar.es\/murallasdecuellar\/adarve\/\">adarve <\/a>sobre el \u00e1bside de la iglesia en el que podemos ver entre merlones y saeteras el escudos de la casa de Alburquerque con las armas de La Cueva.<\/p>\n<p>Esta iglesia es la primera referencia documental que tenemos sobre la existencia de un templo en Cu\u00e9llar ya que aparece en el testamento del conde Pedro Ans\u00farez hecho el a\u00f1o 1095.<\/p>\n<p>El templo se levant\u00f3 de estilo rom\u00e1nico con una planta de nave central con su \u00e1bside semicircular y dos peque\u00f1as naves laterales. La f\u00e1brica es de siller\u00eda caliza destacando las dos puertas rom\u00e1nicas que se conservan en los lados Norte y Sur de las naves laterales. Con el fin de reforzar la zona defensiva de la puerta de San Pedro el segundo duque de Alburquerque a finales del siglo XV sustituy\u00f3 el \u00e1bside rom\u00e1nico por el g\u00f3tico que podemos apreciar en la actualidad donde vemos grandes contrafuertes que sirven de soporte al paseo de ronda que corona el \u00e1bside junto al alero de su techumbre.<\/p>\n","protected":false},"excerpt":{"rendered":"<p>Por su importante arquitectura es el monumento m\u00e1s destacado que se encuentra en la parte Sur del conjunto hist\u00f3rico, no solamente por su valor como templo con restos rom\u00e1nicos o g\u00f3ticos sino porque tambi\u00e9n forma parte de la muralla al haber servido como baluarte defensivo donde destaca a\u00fan en la actualidad su adarve sobre el &hellip; <\/p>\n<p><a class=\"more-link btn\" href=\"https:\/\/www.cuellar.es\/murallasdecuellar\/las-murallas-de-cuellar\/descripcion-de-las-murallas\/recinto-murado-de-la-ciudad\/tramo-2-de-la-puerta-de-la-trinidad-a-la-puerta-de-san-pedro\/la-iglesia-de-san-pedro\/\">Seguir leyendo<\/a><\/p>\n","protected":false},"author":4,"featured_media":0,"parent":509,"menu_order":4,"comment_status":"closed","ping_status":"closed","template":"","meta":{"ngg_post_thumbnail":0,"footnotes":""},"class_list":["post-517","page","type-page","status-publish","hentry","nodate","item-wrap"],"_links":{"self":[{"href":"https:\/\/www.cuellar.es\/murallasdecuellar\/wp-json\/wp\/v2\/pages\/517","targetHints":{"allow":["GET"]}}],"collection":[{"href":"https:\/\/www.cuellar.es\/murallasdecuellar\/wp-json\/wp\/v2\/pages"}],"about":[{"href":"https:\/\/www.cuellar.es\/murallasdecuellar\/wp-json\/wp\/v2\/types\/page"}],"author":[{"embeddable":true,"href":"https:\/\/www.cuellar.es\/murallasdecuellar\/wp-json\/wp\/v2\/users\/4"}],"replies":[{"embeddable":true,"href":"https:\/\/www.cuellar.es\/murallasdecuellar\/wp-json\/wp\/v2\/comments?post=517"}],"version-history":[{"count":2,"href":"https:\/\/www.cuellar.es\/murallasdecuellar\/wp-json\/wp\/v2\/pages\/517\/revisions"}],"predecessor-version":[{"id":936,"href":"https:\/\/www.cuellar.es\/murallasdecuellar\/wp-json\/wp\/v2\/pages\/517\/revisions\/936"}],"up":[{"embeddable":true,"href":"https:\/\/www.cuellar.es\/murallasdecuellar\/wp-json\/wp\/v2\/pages\/509"}],"wp:attachment":[{"href":"https:\/\/www.cuellar.es\/murallasdecuellar\/wp-json\/wp\/v2\/media?parent=517"}],"curies":[{"name":"wp","href":"https:\/\/api.w.org\/{rel}","templated":true}]}}

<p>Por su importante arquitectura es el monumento más destacado que se encuentra en la parte Sur del conjunto histórico, no solamente por su valor como templo con restos románicos o góticos sino porque también forma parte de la muralla al haber servido como baluarte defensivo donde destaca aún en la actualidad su <a href="https://www.cuellar.es/murallasdecuellar/adarve/">adarve </a>sobre el ábside de la iglesia en el que podemos ver entre merlones y saeteras el escudos de la casa de Alburquerque con las armas de La Cueva.</p>
<p>Esta iglesia es la primera referencia documental que tenemos sobre la existencia de un templo en Cuéllar ya que aparece en el testamento del conde Pedro Ansúrez hecho el año 1095.</p>
<p>El templo se levantó de estilo románico con una planta de nave central con su ábside semicircular y dos pequeñas naves laterales. La fábrica es de sillería caliza destacando las dos puertas románicas que se conservan en los lados Norte y Sur de las naves laterales. Con el fin de reforzar la zona defensiva de la puerta de San Pedro el segundo duque de Alburquerque a finales del siglo XV sustituyó el ábside románico por el gótico que podemos apreciar en la actualidad donde vemos grandes contrafuertes que sirven de soporte al paseo de ronda que corona el ábside junto al alero de su techumbre.</p>

<p>Por su importante arquitectura es el monumento más destacado que se encuentra en la parte Sur del conjunto histórico, no solamente por su valor como templo con restos románicos o góticos sino porque también forma parte de la muralla al haber servido como baluarte defensivo donde destaca aún en la actualidad su adarve sobre el &hellip; </p>
<p><a class="more-link btn" href="https://www.cuellar.es/murallasdecuellar/las-murallas-de-cuellar/descripcion-de-las-murallas/recinto-murado-de-la-ciudad/tramo-2-de-la-puerta-de-la-trinidad-a-la-puerta-de-san-pedro/la-iglesia-de-san-pedro/">Seguir leyendo</a></p>
