{"id":515,"date":"2012-02-04T22:45:53","date_gmt":"2012-02-04T22:45:53","guid":{"rendered":"https:\/\/www.cuellar.es\/murallasdecuellar\/?page_id=515"},"modified":"2012-03-07T22:30:05","modified_gmt":"2012-03-07T22:30:05","slug":"la-puerta-de-san-pedro","status":"publish","type":"page","link":"https:\/\/www.cuellar.es\/murallasdecuellar\/las-murallas-de-cuellar\/descripcion-de-las-murallas\/recinto-murado-de-la-ciudad\/tramo-2-de-la-puerta-de-la-trinidad-a-la-puerta-de-san-pedro\/la-puerta-de-san-pedro\/","title":{"rendered":"La Puerta de San Pedro"},"content":{"rendered":"<p>El deterioro y el estado ruinoso de la puerta de San Pedro hizo que se mandase demoler el a\u00f1o 1895, por este motivo no se conservan restos ni documentaci\u00f3n gr\u00e1fica de esta puerta. \u00danicamente hay alguna fotograf\u00eda panor\u00e1mica de Cu\u00e9llar donde se puede apreciar la puerta de la contramuralla frente a la puerta de la muralla que ya no exist\u00eda. Aunque no hay duda que debi\u00f3 ser una puerta de grandes proporciones para poder permitir la conexi\u00f3n entre la puerta y el <a href=\"https:\/\/www.cuellar.es\/murallasdecuellar\/adarve\/\">adarve <\/a>de la iglesia de San Pedro, adem\u00e1s de que esta puerta era una representaci\u00f3n del s\u00edmbolo del poder de la Villa al celebrarse junto a ella algunos de los eventos m\u00e1s importantes de la \u00e9poca como era el acto de entrega de la Villa a un nuevo se\u00f1or.<\/p>\n","protected":false},"excerpt":{"rendered":"<p>El deterioro y el estado ruinoso de la puerta de San Pedro hizo que se mandase demoler el a\u00f1o 1895, por este motivo no se conservan restos ni documentaci\u00f3n gr\u00e1fica de esta puerta. \u00danicamente hay alguna fotograf\u00eda panor\u00e1mica de Cu\u00e9llar donde se puede apreciar la puerta de la contramuralla frente a la puerta de la &hellip; <\/p>\n<p><a class=\"more-link btn\" href=\"https:\/\/www.cuellar.es\/murallasdecuellar\/las-murallas-de-cuellar\/descripcion-de-las-murallas\/recinto-murado-de-la-ciudad\/tramo-2-de-la-puerta-de-la-trinidad-a-la-puerta-de-san-pedro\/la-puerta-de-san-pedro\/\">Seguir leyendo<\/a><\/p>\n","protected":false},"author":4,"featured_media":0,"parent":509,"menu_order":3,"comment_status":"closed","ping_status":"closed","template":"","meta":{"ngg_post_thumbnail":0,"footnotes":""},"class_list":["post-515","page","type-page","status-publish","hentry","nodate","item-wrap"],"_links":{"self":[{"href":"https:\/\/www.cuellar.es\/murallasdecuellar\/wp-json\/wp\/v2\/pages\/515","targetHints":{"allow":["GET"]}}],"collection":[{"href":"https:\/\/www.cuellar.es\/murallasdecuellar\/wp-json\/wp\/v2\/pages"}],"about":[{"href":"https:\/\/www.cuellar.es\/murallasdecuellar\/wp-json\/wp\/v2\/types\/page"}],"author":[{"embeddable":true,"href":"https:\/\/www.cuellar.es\/murallasdecuellar\/wp-json\/wp\/v2\/users\/4"}],"replies":[{"embeddable":true,"href":"https:\/\/www.cuellar.es\/murallasdecuellar\/wp-json\/wp\/v2\/comments?post=515"}],"version-history":[{"count":3,"href":"https:\/\/www.cuellar.es\/murallasdecuellar\/wp-json\/wp\/v2\/pages\/515\/revisions"}],"predecessor-version":[{"id":937,"href":"https:\/\/www.cuellar.es\/murallasdecuellar\/wp-json\/wp\/v2\/pages\/515\/revisions\/937"}],"up":[{"embeddable":true,"href":"https:\/\/www.cuellar.es\/murallasdecuellar\/wp-json\/wp\/v2\/pages\/509"}],"wp:attachment":[{"href":"https:\/\/www.cuellar.es\/murallasdecuellar\/wp-json\/wp\/v2\/media?parent=515"}],"curies":[{"name":"wp","href":"https:\/\/api.w.org\/{rel}","templated":true}]}}

<p>El deterioro y el estado ruinoso de la puerta de San Pedro hizo que se mandase demoler el año 1895, por este motivo no se conservan restos ni documentación gráfica de esta puerta. Únicamente hay alguna fotografía panorámica de Cuéllar donde se puede apreciar la puerta de la contramuralla frente a la puerta de la muralla que ya no existía. Aunque no hay duda que debió ser una puerta de grandes proporciones para poder permitir la conexión entre la puerta y el <a href="https://www.cuellar.es/murallasdecuellar/adarve/">adarve </a>de la iglesia de San Pedro, además de que esta puerta era una representación del símbolo del poder de la Villa al celebrarse junto a ella algunos de los eventos más importantes de la época como era el acto de entrega de la Villa a un nuevo señor.</p>

<p>El deterioro y el estado ruinoso de la puerta de San Pedro hizo que se mandase demoler el año 1895, por este motivo no se conservan restos ni documentación gráfica de esta puerta. Únicamente hay alguna fotografía panorámica de Cuéllar donde se puede apreciar la puerta de la contramuralla frente a la puerta de la &hellip; </p>
<p><a class="more-link btn" href="https://www.cuellar.es/murallasdecuellar/las-murallas-de-cuellar/descripcion-de-las-murallas/recinto-murado-de-la-ciudad/tramo-2-de-la-puerta-de-la-trinidad-a-la-puerta-de-san-pedro/la-puerta-de-san-pedro/">Seguir leyendo</a></p>
