{"id":513,"date":"2012-02-04T22:44:11","date_gmt":"2012-02-04T22:44:11","guid":{"rendered":"https:\/\/www.cuellar.es\/murallasdecuellar\/?page_id=513"},"modified":"2012-02-04T22:44:11","modified_gmt":"2012-02-04T22:44:11","slug":"los-restos-de-la-muralla-junto-a-la-calle-avila","status":"publish","type":"page","link":"https:\/\/www.cuellar.es\/murallasdecuellar\/las-murallas-de-cuellar\/descripcion-de-las-murallas\/recinto-murado-de-la-ciudad\/tramo-2-de-la-puerta-de-la-trinidad-a-la-puerta-de-san-pedro\/los-restos-de-la-muralla-junto-a-la-calle-avila\/","title":{"rendered":"Los restos de la Muralla junto a la calle \u00c1vila"},"content":{"rendered":"<p>La continuaci\u00f3n de la muralla desde la puerta de la Trinidad hasta la puerta de San Pedro se encuentra bastante deteriorada y en varios tramos pr\u00e1cticamente podr\u00edamos decir que ha desaparecido ya que se encuentra entre patios y viviendas privadas a las que no se puede acceder.<\/p>\n<p>En la calle \u00c1vila, cerca de la plaza de los Coches, junto a la iglesia de San Pedro, podemos apreciar un pa\u00f1o original de la barbacana que proporciona la altura original que ten\u00eda y en la que se conservan nueve almenas rectangulares similares a las de la contramuralla de la calle de Las Cuevas.<\/p>\n<p>Muy interesante ha sido la localizaci\u00f3n durante las obras de construcci\u00f3n de una nueva vivienda junto a la iglesia de San Pedro de un portillo tapiado que tendr\u00eda la barbacana. Esta puerta se enmarcaba con sillares de piedra caliza con unas medidas de 2,7 metros de altura por 1,8 metros de anchura.<\/p>\n<p>La barbacana continuaba por delante de la iglesia de San Pedro y se puede ver en una fotograf\u00eda antigua la puerta de la contramuralla junto a dicha iglesia.<\/p>\n","protected":false},"excerpt":{"rendered":"<p>La continuaci\u00f3n de la muralla desde la puerta de la Trinidad hasta la puerta de San Pedro se encuentra bastante deteriorada y en varios tramos pr\u00e1cticamente podr\u00edamos decir que ha desaparecido ya que se encuentra entre patios y viviendas privadas a las que no se puede acceder. En la calle \u00c1vila, cerca de la plaza &hellip; <\/p>\n<p><a class=\"more-link btn\" href=\"https:\/\/www.cuellar.es\/murallasdecuellar\/las-murallas-de-cuellar\/descripcion-de-las-murallas\/recinto-murado-de-la-ciudad\/tramo-2-de-la-puerta-de-la-trinidad-a-la-puerta-de-san-pedro\/los-restos-de-la-muralla-junto-a-la-calle-avila\/\">Seguir leyendo<\/a><\/p>\n","protected":false},"author":4,"featured_media":0,"parent":509,"menu_order":2,"comment_status":"closed","ping_status":"closed","template":"","meta":{"ngg_post_thumbnail":0,"footnotes":""},"class_list":["post-513","page","type-page","status-publish","hentry","nodate","item-wrap"],"_links":{"self":[{"href":"https:\/\/www.cuellar.es\/murallasdecuellar\/wp-json\/wp\/v2\/pages\/513","targetHints":{"allow":["GET"]}}],"collection":[{"href":"https:\/\/www.cuellar.es\/murallasdecuellar\/wp-json\/wp\/v2\/pages"}],"about":[{"href":"https:\/\/www.cuellar.es\/murallasdecuellar\/wp-json\/wp\/v2\/types\/page"}],"author":[{"embeddable":true,"href":"https:\/\/www.cuellar.es\/murallasdecuellar\/wp-json\/wp\/v2\/users\/4"}],"replies":[{"embeddable":true,"href":"https:\/\/www.cuellar.es\/murallasdecuellar\/wp-json\/wp\/v2\/comments?post=513"}],"version-history":[{"count":1,"href":"https:\/\/www.cuellar.es\/murallasdecuellar\/wp-json\/wp\/v2\/pages\/513\/revisions"}],"predecessor-version":[{"id":514,"href":"https:\/\/www.cuellar.es\/murallasdecuellar\/wp-json\/wp\/v2\/pages\/513\/revisions\/514"}],"up":[{"embeddable":true,"href":"https:\/\/www.cuellar.es\/murallasdecuellar\/wp-json\/wp\/v2\/pages\/509"}],"wp:attachment":[{"href":"https:\/\/www.cuellar.es\/murallasdecuellar\/wp-json\/wp\/v2\/media?parent=513"}],"curies":[{"name":"wp","href":"https:\/\/api.w.org\/{rel}","templated":true}]}}

Los restos de la Muralla junto a la calle Ávila

<p>La continuación de la muralla desde la puerta de la Trinidad hasta la puerta de San Pedro se encuentra bastante deteriorada y en varios tramos prácticamente podríamos decir que ha desaparecido ya que se encuentra entre patios y viviendas privadas a las que no se puede acceder.</p>
<p>En la calle Ávila, cerca de la plaza de los Coches, junto a la iglesia de San Pedro, podemos apreciar un paño original de la barbacana que proporciona la altura original que tenía y en la que se conservan nueve almenas rectangulares similares a las de la contramuralla de la calle de Las Cuevas.</p>
<p>Muy interesante ha sido la localización durante las obras de construcción de una nueva vivienda junto a la iglesia de San Pedro de un portillo tapiado que tendría la barbacana. Esta puerta se enmarcaba con sillares de piedra caliza con unas medidas de 2,7 metros de altura por 1,8 metros de anchura.</p>
<p>La barbacana continuaba por delante de la iglesia de San Pedro y se puede ver en una fotografía antigua la puerta de la contramuralla junto a dicha iglesia.</p>

<p>La continuación de la muralla desde la puerta de la Trinidad hasta la puerta de San Pedro se encuentra bastante deteriorada y en varios tramos prácticamente podríamos decir que ha desaparecido ya que se encuentra entre patios y viviendas privadas a las que no se puede acceder. En la calle Ávila, cerca de la plaza &hellip; </p>
<p><a class="more-link btn" href="https://www.cuellar.es/murallasdecuellar/las-murallas-de-cuellar/descripcion-de-las-murallas/recinto-murado-de-la-ciudad/tramo-2-de-la-puerta-de-la-trinidad-a-la-puerta-de-san-pedro/los-restos-de-la-muralla-junto-a-la-calle-avila/">Seguir leyendo</a></p>
