{"id":511,"date":"2012-02-04T22:43:04","date_gmt":"2012-02-04T22:43:04","guid":{"rendered":"https:\/\/www.cuellar.es\/murallasdecuellar\/?page_id=511"},"modified":"2012-02-04T22:43:04","modified_gmt":"2012-02-04T22:43:04","slug":"la-desaparecida-puerta-de-la-trinidad","status":"publish","type":"page","link":"https:\/\/www.cuellar.es\/murallasdecuellar\/las-murallas-de-cuellar\/descripcion-de-las-murallas\/recinto-murado-de-la-ciudad\/tramo-2-de-la-puerta-de-la-trinidad-a-la-puerta-de-san-pedro\/la-desaparecida-puerta-de-la-trinidad\/","title":{"rendered":"La desaparecida Puerta de la Trinidad"},"content":{"rendered":"<p>Aunque apenas se conservan restos de la puerta de La Trinidad y no hay documentaci\u00f3n gr\u00e1fica, s\u00ed que se puede apreciar en la misma calle de la Trinidad parte de lo que era la puerta la base de una de las torres que la proteg\u00edan que superaban los 4 m. de anchura. Por su estado ruinoso entre los a\u00f1os 1879 y 1880 se mand\u00f3 derribar.<\/p>\n","protected":false},"excerpt":{"rendered":"<p>Aunque apenas se conservan restos de la puerta de La Trinidad y no hay documentaci\u00f3n gr\u00e1fica, s\u00ed que se puede apreciar en la misma calle de la Trinidad parte de lo que era la puerta la base de una de las torres que la proteg\u00edan que superaban los 4 m. de anchura. Por su estado &hellip; <\/p>\n<p><a class=\"more-link btn\" href=\"https:\/\/www.cuellar.es\/murallasdecuellar\/las-murallas-de-cuellar\/descripcion-de-las-murallas\/recinto-murado-de-la-ciudad\/tramo-2-de-la-puerta-de-la-trinidad-a-la-puerta-de-san-pedro\/la-desaparecida-puerta-de-la-trinidad\/\">Seguir leyendo<\/a><\/p>\n","protected":false},"author":4,"featured_media":0,"parent":509,"menu_order":1,"comment_status":"closed","ping_status":"closed","template":"","meta":{"ngg_post_thumbnail":0,"footnotes":""},"class_list":["post-511","page","type-page","status-publish","hentry","nodate","item-wrap"],"_links":{"self":[{"href":"https:\/\/www.cuellar.es\/murallasdecuellar\/wp-json\/wp\/v2\/pages\/511","targetHints":{"allow":["GET"]}}],"collection":[{"href":"https:\/\/www.cuellar.es\/murallasdecuellar\/wp-json\/wp\/v2\/pages"}],"about":[{"href":"https:\/\/www.cuellar.es\/murallasdecuellar\/wp-json\/wp\/v2\/types\/page"}],"author":[{"embeddable":true,"href":"https:\/\/www.cuellar.es\/murallasdecuellar\/wp-json\/wp\/v2\/users\/4"}],"replies":[{"embeddable":true,"href":"https:\/\/www.cuellar.es\/murallasdecuellar\/wp-json\/wp\/v2\/comments?post=511"}],"version-history":[{"count":1,"href":"https:\/\/www.cuellar.es\/murallasdecuellar\/wp-json\/wp\/v2\/pages\/511\/revisions"}],"predecessor-version":[{"id":512,"href":"https:\/\/www.cuellar.es\/murallasdecuellar\/wp-json\/wp\/v2\/pages\/511\/revisions\/512"}],"up":[{"embeddable":true,"href":"https:\/\/www.cuellar.es\/murallasdecuellar\/wp-json\/wp\/v2\/pages\/509"}],"wp:attachment":[{"href":"https:\/\/www.cuellar.es\/murallasdecuellar\/wp-json\/wp\/v2\/media?parent=511"}],"curies":[{"name":"wp","href":"https:\/\/api.w.org\/{rel}","templated":true}]}}

<p>Aunque apenas se conservan restos de la puerta de La Trinidad y no hay documentación gráfica, sí que se puede apreciar en la misma calle de la Trinidad parte de lo que era la puerta la base de una de las torres que la protegían que superaban los 4 m. de anchura. Por su estado ruinoso entre los años 1879 y 1880 se mandó derribar.</p>

<p>Aunque apenas se conservan restos de la puerta de La Trinidad y no hay documentación gráfica, sí que se puede apreciar en la misma calle de la Trinidad parte de lo que era la puerta la base de una de las torres que la protegían que superaban los 4 m. de anchura. Por su estado &hellip; </p>
<p><a class="more-link btn" href="https://www.cuellar.es/murallasdecuellar/las-murallas-de-cuellar/descripcion-de-las-murallas/recinto-murado-de-la-ciudad/tramo-2-de-la-puerta-de-la-trinidad-a-la-puerta-de-san-pedro/la-desaparecida-puerta-de-la-trinidad/">Seguir leyendo</a></p>
