{"id":507,"date":"2012-02-04T22:40:39","date_gmt":"2012-02-04T22:40:39","guid":{"rendered":"https:\/\/www.cuellar.es\/murallasdecuellar\/?page_id=507"},"modified":"2012-02-04T22:40:39","modified_gmt":"2012-02-04T22:40:39","slug":"la-puerta-del-exangel-o-de-santa-marina","status":"publish","type":"page","link":"https:\/\/www.cuellar.es\/murallasdecuellar\/las-murallas-de-cuellar\/descripcion-de-las-murallas\/recinto-murado-de-la-ciudad\/tramo-1-desde-la-puerta-de-las-cuevas-a-la-puerta-de-la-trinidad\/la-puerta-del-exangel-o-de-santa-marina\/","title":{"rendered":"La Puerta del Ex\u00e1ngel o de Santa Marina"},"content":{"rendered":"<p>El Exangel, Des\u00e1ngel, Ensange, son algunos de los nombres por los que se conoce a la zona donde se encuentran unos lavaderos junto a la iglesia de Santa Marina y que lo delimita la muralla por el Sur donde destaca una puerta que, con un arco apuntado de ladrillos, comunica la zona de los lavaderos con los jardines del convento de los Trinitarios, ya en el exterior de la muralla.<\/p>\n<p>Estos nombres parece que hacen referencia al vertido de sangre que hac\u00edan las carnicer\u00edas o matadero que se encontraban en esta zona durante la Edad Media.<\/p>\n<p>La puerta del Exangel que podr\u00eda parecer un portillo por sus medidas nos dar\u00eda una puerta mayor a la que le falta una parte importante de muralla, pero que conserv\u00e1ndose con una anchura de muralla de m\u00e1s de tres metros , 2,35 m. \u00a0de anchura por 5 m. de altura m\u00e1xima no se podr\u00eda hablar de una peque\u00f1a puerta. No conserva restos de los quiciales de la puerta\u00a0 pero es de suponer que ser\u00eda una puerta con dos hojas de 1,15 m de anchas por 3,5 m de altas, por ser estas las medidas del hueco de la puerta en su tramo recto.<\/p>\n<p>Los lavaderos forman un entorno ajardinado singular en el que se puede disfrutar de un\u00a0 espacio en el que destaca el vaso de un lavadero grande y dos vasos o pilones menores que se comunican entre s\u00ed para abastecer de agua al lavadero. El conjunto muestra las canalizaciones en piedra que llevar\u00edan sus desag\u00fces hacia el sur atravesando la muralla junto al portillo de la muralla.<\/p>\n","protected":false},"excerpt":{"rendered":"<p>El Exangel, Des\u00e1ngel, Ensange, son algunos de los nombres por los que se conoce a la zona donde se encuentran unos lavaderos junto a la iglesia de Santa Marina y que lo delimita la muralla por el Sur donde destaca una puerta que, con un arco apuntado de ladrillos, comunica la zona de los lavaderos &hellip; <\/p>\n<p><a class=\"more-link btn\" href=\"https:\/\/www.cuellar.es\/murallasdecuellar\/las-murallas-de-cuellar\/descripcion-de-las-murallas\/recinto-murado-de-la-ciudad\/tramo-1-desde-la-puerta-de-las-cuevas-a-la-puerta-de-la-trinidad\/la-puerta-del-exangel-o-de-santa-marina\/\">Seguir leyendo<\/a><\/p>\n","protected":false},"author":4,"featured_media":0,"parent":497,"menu_order":4,"comment_status":"closed","ping_status":"closed","template":"","meta":{"ngg_post_thumbnail":0,"footnotes":""},"class_list":["post-507","page","type-page","status-publish","hentry","nodate","item-wrap"],"_links":{"self":[{"href":"https:\/\/www.cuellar.es\/murallasdecuellar\/wp-json\/wp\/v2\/pages\/507","targetHints":{"allow":["GET"]}}],"collection":[{"href":"https:\/\/www.cuellar.es\/murallasdecuellar\/wp-json\/wp\/v2\/pages"}],"about":[{"href":"https:\/\/www.cuellar.es\/murallasdecuellar\/wp-json\/wp\/v2\/types\/page"}],"author":[{"embeddable":true,"href":"https:\/\/www.cuellar.es\/murallasdecuellar\/wp-json\/wp\/v2\/users\/4"}],"replies":[{"embeddable":true,"href":"https:\/\/www.cuellar.es\/murallasdecuellar\/wp-json\/wp\/v2\/comments?post=507"}],"version-history":[{"count":1,"href":"https:\/\/www.cuellar.es\/murallasdecuellar\/wp-json\/wp\/v2\/pages\/507\/revisions"}],"predecessor-version":[{"id":508,"href":"https:\/\/www.cuellar.es\/murallasdecuellar\/wp-json\/wp\/v2\/pages\/507\/revisions\/508"}],"up":[{"embeddable":true,"href":"https:\/\/www.cuellar.es\/murallasdecuellar\/wp-json\/wp\/v2\/pages\/497"}],"wp:attachment":[{"href":"https:\/\/www.cuellar.es\/murallasdecuellar\/wp-json\/wp\/v2\/media?parent=507"}],"curies":[{"name":"wp","href":"https:\/\/api.w.org\/{rel}","templated":true}]}}