{"id":504,"date":"2012-02-04T22:37:24","date_gmt":"2012-02-04T22:37:24","guid":{"rendered":"https:\/\/www.cuellar.es\/murallasdecuellar\/?page_id=504"},"modified":"2012-02-04T22:37:24","modified_gmt":"2012-02-04T22:37:24","slug":"la-iglesia-de-la-trinidad-y-el-convento-de-los-trinitarios","status":"publish","type":"page","link":"https:\/\/www.cuellar.es\/murallasdecuellar\/las-murallas-de-cuellar\/descripcion-de-las-murallas\/recinto-murado-de-la-ciudad\/tramo-1-desde-la-puerta-de-las-cuevas-a-la-puerta-de-la-trinidad\/la-iglesia-de-la-trinidad-y-el-convento-de-los-trinitarios\/","title":{"rendered":"La Iglesia de la Trinidad y el Convento de los Trinitarios"},"content":{"rendered":"<p>El primitivo convento de la Trinidad fue fundado en 1219, a media legua de Cu\u00e9llar junto al Cerquilla por el ingl\u00e9s fray Thomas Wals. En 1554 se traslad\u00f3 extramuros de la villa, donde seg\u00fan los documentos estaba situada la ermita de San Blas.<\/p>\n<p>La iglesia conserva su \u00e1bside mud\u00e9jar del siglo XII que tiene el tramo recto con dos bandas superpuestas de arcos doblados y en la zona del \u00e1bside sobre un z\u00f3calo semicircular de mamposter\u00eda se apoyan tres bandas de arcos de ladrillos, donde los dos m\u00e1s bajos son doblados y el tercero y superior se hizo con arcos simples y de menor tama\u00f1o.<\/p>\n<p>En 1934 el gran espacio de la nave se subdividi\u00f3 interiormente para su reconversi\u00f3n en una vivienda de tres plantas y caracter\u00edsticas muy singulares.<\/p>\n<p>Se accede por un portal de amplias dimensiones, anejo a una amplia cochera hoy destinada a garaje. En el gran zagu\u00e1n de entrada se encuentra la impresionante estatua yacente de Don Francisco de Guevara y Rojas, y de \u00e9l parte una escalera de piedra que sube hasta la planta primera en la que se encuentran las zonas de estar y cocinas. Desde el sal\u00f3n se sube a la planta superior en la que se encuentran hasta 8 dormitorios, dos ba\u00f1os y dos aseos. Destaca el dormitorio principal situado en lo que fue el coro, bajo b\u00f3veda nervada de un g\u00f3tico tard\u00edo, pero sobre todo el estudio que ocupa la parte alta del \u00e1bside, con piso de tarima, y en cuyos pa\u00f1os de pared se han situado las l\u00e1pidas sepulcrales de los fundadores del convento con sus escudos de armas.<\/p>\n<p>Adosado al \u00e1bside se construy\u00f3 en el siglo XVIII un camar\u00edn poligonal de ocho lados donde destaca en la parte superior el escudo con los 13 roeles de la familia Vel\u00e1zquez que mand\u00f3 construir el camar\u00edn.<\/p>\n<p>En el entorno es muy interesante por tener unos jardines aterrazados que llegan hasta la muralla.<\/p>\n<p>Respecto del convento, \u00e9ste se encuentra en ruinas y pr\u00e1cticamente no se aprecian restos de su claustro interior y las dependencias monacales.<\/p>\n","protected":false},"excerpt":{"rendered":"<p>El primitivo convento de la Trinidad fue fundado en 1219, a media legua de Cu\u00e9llar junto al Cerquilla por el ingl\u00e9s fray Thomas Wals. En 1554 se traslad\u00f3 extramuros de la villa, donde seg\u00fan los documentos estaba situada la ermita de San Blas. La iglesia conserva su \u00e1bside mud\u00e9jar del siglo XII que tiene el &hellip; <\/p>\n<p><a class=\"more-link btn\" href=\"https:\/\/www.cuellar.es\/murallasdecuellar\/las-murallas-de-cuellar\/descripcion-de-las-murallas\/recinto-murado-de-la-ciudad\/tramo-1-desde-la-puerta-de-las-cuevas-a-la-puerta-de-la-trinidad\/la-iglesia-de-la-trinidad-y-el-convento-de-los-trinitarios\/\">Seguir leyendo<\/a><\/p>\n","protected":false},"author":4,"featured_media":0,"parent":497,"menu_order":3,"comment_status":"closed","ping_status":"closed","template":"","meta":{"ngg_post_thumbnail":0,"footnotes":""},"class_list":["post-504","page","type-page","status-publish","hentry","nodate","item-wrap"],"_links":{"self":[{"href":"https:\/\/www.cuellar.es\/murallasdecuellar\/wp-json\/wp\/v2\/pages\/504","targetHints":{"allow":["GET"]}}],"collection":[{"href":"https:\/\/www.cuellar.es\/murallasdecuellar\/wp-json\/wp\/v2\/pages"}],"about":[{"href":"https:\/\/www.cuellar.es\/murallasdecuellar\/wp-json\/wp\/v2\/types\/page"}],"author":[{"embeddable":true,"href":"https:\/\/www.cuellar.es\/murallasdecuellar\/wp-json\/wp\/v2\/users\/4"}],"replies":[{"embeddable":true,"href":"https:\/\/www.cuellar.es\/murallasdecuellar\/wp-json\/wp\/v2\/comments?post=504"}],"version-history":[{"count":2,"href":"https:\/\/www.cuellar.es\/murallasdecuellar\/wp-json\/wp\/v2\/pages\/504\/revisions"}],"predecessor-version":[{"id":506,"href":"https:\/\/www.cuellar.es\/murallasdecuellar\/wp-json\/wp\/v2\/pages\/504\/revisions\/506"}],"up":[{"embeddable":true,"href":"https:\/\/www.cuellar.es\/murallasdecuellar\/wp-json\/wp\/v2\/pages\/497"}],"wp:attachment":[{"href":"https:\/\/www.cuellar.es\/murallasdecuellar\/wp-json\/wp\/v2\/media?parent=504"}],"curies":[{"name":"wp","href":"https:\/\/api.w.org\/{rel}","templated":true}]}}

<p>El primitivo convento de la Trinidad fue fundado en 1219, a media legua de Cuéllar junto al Cerquilla por el inglés fray Thomas Wals. En 1554 se trasladó extramuros de la villa, donde según los documentos estaba situada la ermita de San Blas.</p>
<p>La iglesia conserva su ábside mudéjar del siglo XII que tiene el tramo recto con dos bandas superpuestas de arcos doblados y en la zona del ábside sobre un zócalo semicircular de mampostería se apoyan tres bandas de arcos de ladrillos, donde los dos más bajos son doblados y el tercero y superior se hizo con arcos simples y de menor tamaño.</p>
<p>En 1934 el gran espacio de la nave se subdividió interiormente para su reconversión en una vivienda de tres plantas y características muy singulares.</p>
<p>Se accede por un portal de amplias dimensiones, anejo a una amplia cochera hoy destinada a garaje. En el gran zaguán de entrada se encuentra la impresionante estatua yacente de Don Francisco de Guevara y Rojas, y de él parte una escalera de piedra que sube hasta la planta primera en la que se encuentran las zonas de estar y cocinas. Desde el salón se sube a la planta superior en la que se encuentran hasta 8 dormitorios, dos baños y dos aseos. Destaca el dormitorio principal situado en lo que fue el coro, bajo bóveda nervada de un gótico tardío, pero sobre todo el estudio que ocupa la parte alta del ábside, con piso de tarima, y en cuyos paños de pared se han situado las lápidas sepulcrales de los fundadores del convento con sus escudos de armas.</p>
<p>Adosado al ábside se construyó en el siglo XVIII un camarín poligonal de ocho lados donde destaca en la parte superior el escudo con los 13 roeles de la familia Velázquez que mandó construir el camarín.</p>
<p>En el entorno es muy interesante por tener unos jardines aterrazados que llegan hasta la muralla.</p>
<p>Respecto del convento, éste se encuentra en ruinas y prácticamente no se aprecian restos de su claustro interior y las dependencias monacales.</p>

<p>El primitivo convento de la Trinidad fue fundado en 1219, a media legua de Cuéllar junto al Cerquilla por el inglés fray Thomas Wals. En 1554 se trasladó extramuros de la villa, donde según los documentos estaba situada la ermita de San Blas. La iglesia conserva su ábside mudéjar del siglo XII que tiene el &hellip; </p>
<p><a class="more-link btn" href="https://www.cuellar.es/murallasdecuellar/las-murallas-de-cuellar/descripcion-de-las-murallas/recinto-murado-de-la-ciudad/tramo-1-desde-la-puerta-de-las-cuevas-a-la-puerta-de-la-trinidad/la-iglesia-de-la-trinidad-y-el-convento-de-los-trinitarios/">Seguir leyendo</a></p>
