{"id":490,"date":"2012-02-04T22:25:01","date_gmt":"2012-02-04T22:25:01","guid":{"rendered":"https:\/\/www.cuellar.es\/murallasdecuellar\/?page_id=490"},"modified":"2012-02-04T22:25:01","modified_gmt":"2012-02-04T22:25:01","slug":"la-puerta-de-la-juderia","status":"publish","type":"page","link":"https:\/\/www.cuellar.es\/murallasdecuellar\/las-murallas-de-cuellar\/descripcion-de-las-murallas\/las-murallas-de-la-ciudadela\/tramo-4-desde-la-puerta-de-la-juderia-a-la-puerta-de-san-basilio\/la-puerta-de-la-juderia\/","title":{"rendered":"La Puerta de la Juder\u00eda"},"content":{"rendered":"<p>Esta peque\u00f1a puerta que comunicaba la ciudadela con la ciudad por el lado Norte de la Villa se conoce con \u00e9ste nombre porque se considera que el barrio jud\u00edo se encontraba en este entorno del segundo recinto murado entre la puerta de la Juder\u00eda y la puerta de San Andr\u00e9s.<\/p>\n<p>La puerta fue realizada con sillares de piedra caliza, formando un arco rebajado en el que se pueden apreciar los quiciales de piedra que muestran que se cerrar\u00eda con dos puertas de madera con unas medidas de 350 cm de altura por 115 cm de anchura por cada una de las hojas.<\/p>\n","protected":false},"excerpt":{"rendered":"<p>Esta peque\u00f1a puerta que comunicaba la ciudadela con la ciudad por el lado Norte de la Villa se conoce con \u00e9ste nombre porque se considera que el barrio jud\u00edo se encontraba en este entorno del segundo recinto murado entre la puerta de la Juder\u00eda y la puerta de San Andr\u00e9s. La puerta fue realizada con &hellip; <\/p>\n<p><a class=\"more-link btn\" href=\"https:\/\/www.cuellar.es\/murallasdecuellar\/las-murallas-de-cuellar\/descripcion-de-las-murallas\/las-murallas-de-la-ciudadela\/tramo-4-desde-la-puerta-de-la-juderia-a-la-puerta-de-san-basilio\/la-puerta-de-la-juderia\/\">Seguir leyendo<\/a><\/p>\n","protected":false},"author":4,"featured_media":0,"parent":488,"menu_order":1,"comment_status":"closed","ping_status":"closed","template":"","meta":{"ngg_post_thumbnail":0,"footnotes":""},"class_list":["post-490","page","type-page","status-publish","hentry","nodate","item-wrap"],"_links":{"self":[{"href":"https:\/\/www.cuellar.es\/murallasdecuellar\/wp-json\/wp\/v2\/pages\/490","targetHints":{"allow":["GET"]}}],"collection":[{"href":"https:\/\/www.cuellar.es\/murallasdecuellar\/wp-json\/wp\/v2\/pages"}],"about":[{"href":"https:\/\/www.cuellar.es\/murallasdecuellar\/wp-json\/wp\/v2\/types\/page"}],"author":[{"embeddable":true,"href":"https:\/\/www.cuellar.es\/murallasdecuellar\/wp-json\/wp\/v2\/users\/4"}],"replies":[{"embeddable":true,"href":"https:\/\/www.cuellar.es\/murallasdecuellar\/wp-json\/wp\/v2\/comments?post=490"}],"version-history":[{"count":1,"href":"https:\/\/www.cuellar.es\/murallasdecuellar\/wp-json\/wp\/v2\/pages\/490\/revisions"}],"predecessor-version":[{"id":491,"href":"https:\/\/www.cuellar.es\/murallasdecuellar\/wp-json\/wp\/v2\/pages\/490\/revisions\/491"}],"up":[{"embeddable":true,"href":"https:\/\/www.cuellar.es\/murallasdecuellar\/wp-json\/wp\/v2\/pages\/488"}],"wp:attachment":[{"href":"https:\/\/www.cuellar.es\/murallasdecuellar\/wp-json\/wp\/v2\/media?parent=490"}],"curies":[{"name":"wp","href":"https:\/\/api.w.org\/{rel}","templated":true}]}}

La Puerta de la Judería

<p>Esta pequeña puerta que comunicaba la ciudadela con la ciudad por el lado Norte de la Villa se conoce con éste nombre porque se considera que el barrio judío se encontraba en este entorno del segundo recinto murado entre la puerta de la Judería y la puerta de San Andrés.</p>
<p>La puerta fue realizada con sillares de piedra caliza, formando un arco rebajado en el que se pueden apreciar los quiciales de piedra que muestran que se cerraría con dos puertas de madera con unas medidas de 350 cm de altura por 115 cm de anchura por cada una de las hojas.</p>

<p>Esta pequeña puerta que comunicaba la ciudadela con la ciudad por el lado Norte de la Villa se conoce con éste nombre porque se considera que el barrio judío se encontraba en este entorno del segundo recinto murado entre la puerta de la Judería y la puerta de San Andrés. La puerta fue realizada con &hellip; </p>
<p><a class="more-link btn" href="https://www.cuellar.es/murallasdecuellar/las-murallas-de-cuellar/descripcion-de-las-murallas/las-murallas-de-la-ciudadela/tramo-4-desde-la-puerta-de-la-juderia-a-la-puerta-de-san-basilio/la-puerta-de-la-juderia/">Seguir leyendo</a></p>
