{"id":488,"date":"2012-02-04T22:24:23","date_gmt":"2012-02-04T22:24:23","guid":{"rendered":"https:\/\/www.cuellar.es\/murallasdecuellar\/?page_id=488"},"modified":"2012-03-07T22:37:04","modified_gmt":"2012-03-07T22:37:04","slug":"tramo-4-desde-la-puerta-de-la-juderia-a-la-puerta-de-san-basilio","status":"publish","type":"page","link":"https:\/\/www.cuellar.es\/murallasdecuellar\/las-murallas-de-cuellar\/descripcion-de-las-murallas\/las-murallas-de-la-ciudadela\/tramo-4-desde-la-puerta-de-la-juderia-a-la-puerta-de-san-basilio\/","title":{"rendered":"Tramo 4: desde la Puerta de la Juder\u00eda a la Puerta de San Basilio"},"content":{"rendered":"<p>La continuaci\u00f3n de la muralla desde la iglesia de San Esteban en direcci\u00f3n al Oeste se ve interrumpida a lo largo de toda la plaza del Estudio, continuando de nuevo con el edificio del Antiguo Estudio de La Gram\u00e1tica que le sirve de cerramiento por su lado Norte. Este tramo conserva\u00a0antes de llegar a la puerta de la Juder\u00eda algunas saeteras y merlones del antiguo <a href=\"https:\/\/www.cuellar.es\/murallasdecuellar\/adarve\/\">adarve <\/a>integrados en las viviendas que se apoyan en la muralla.<\/p>\n","protected":false},"excerpt":{"rendered":"<p>La continuaci\u00f3n de la muralla desde la iglesia de San Esteban en direcci\u00f3n al Oeste se ve interrumpida a lo largo de toda la plaza del Estudio, continuando de nuevo con el edificio del Antiguo Estudio de La Gram\u00e1tica que le sirve de cerramiento por su lado Norte. Este tramo conserva\u00a0antes de llegar a la &hellip; <\/p>\n<p><a class=\"more-link btn\" href=\"https:\/\/www.cuellar.es\/murallasdecuellar\/las-murallas-de-cuellar\/descripcion-de-las-murallas\/las-murallas-de-la-ciudadela\/tramo-4-desde-la-puerta-de-la-juderia-a-la-puerta-de-san-basilio\/\">Seguir leyendo<\/a><\/p>\n","protected":false},"author":4,"featured_media":0,"parent":384,"menu_order":4,"comment_status":"closed","ping_status":"closed","template":"","meta":{"ngg_post_thumbnail":0,"footnotes":""},"class_list":["post-488","page","type-page","status-publish","hentry","nodate","item-wrap"],"_links":{"self":[{"href":"https:\/\/www.cuellar.es\/murallasdecuellar\/wp-json\/wp\/v2\/pages\/488","targetHints":{"allow":["GET"]}}],"collection":[{"href":"https:\/\/www.cuellar.es\/murallasdecuellar\/wp-json\/wp\/v2\/pages"}],"about":[{"href":"https:\/\/www.cuellar.es\/murallasdecuellar\/wp-json\/wp\/v2\/types\/page"}],"author":[{"embeddable":true,"href":"https:\/\/www.cuellar.es\/murallasdecuellar\/wp-json\/wp\/v2\/users\/4"}],"replies":[{"embeddable":true,"href":"https:\/\/www.cuellar.es\/murallasdecuellar\/wp-json\/wp\/v2\/comments?post=488"}],"version-history":[{"count":2,"href":"https:\/\/www.cuellar.es\/murallasdecuellar\/wp-json\/wp\/v2\/pages\/488\/revisions"}],"predecessor-version":[{"id":941,"href":"https:\/\/www.cuellar.es\/murallasdecuellar\/wp-json\/wp\/v2\/pages\/488\/revisions\/941"}],"up":[{"embeddable":true,"href":"https:\/\/www.cuellar.es\/murallasdecuellar\/wp-json\/wp\/v2\/pages\/384"}],"wp:attachment":[{"href":"https:\/\/www.cuellar.es\/murallasdecuellar\/wp-json\/wp\/v2\/media?parent=488"}],"curies":[{"name":"wp","href":"https:\/\/api.w.org\/{rel}","templated":true}]}}

Tramo 4: desde la Puerta de la Judería a la Puerta de San Basilio

<p>La continuación de la muralla desde la iglesia de San Esteban en dirección al Oeste se ve interrumpida a lo largo de toda la plaza del Estudio, continuando de nuevo con el edificio del Antiguo Estudio de La Gramática que le sirve de cerramiento por su lado Norte. Este tramo conserva antes de llegar a la puerta de la Judería algunas saeteras y merlones del antiguo <a href="https://www.cuellar.es/murallasdecuellar/adarve/">adarve </a>integrados en las viviendas que se apoyan en la muralla.</p>

<p>La continuación de la muralla desde la iglesia de San Esteban en dirección al Oeste se ve interrumpida a lo largo de toda la plaza del Estudio, continuando de nuevo con el edificio del Antiguo Estudio de La Gramática que le sirve de cerramiento por su lado Norte. Este tramo conserva antes de llegar a la &hellip; </p>
<p><a class="more-link btn" href="https://www.cuellar.es/murallasdecuellar/las-murallas-de-cuellar/descripcion-de-las-murallas/las-murallas-de-la-ciudadela/tramo-4-desde-la-puerta-de-la-juderia-a-la-puerta-de-san-basilio/">Seguir leyendo</a></p>
