{"id":481,"date":"2012-02-04T22:08:48","date_gmt":"2012-02-04T22:08:48","guid":{"rendered":"https:\/\/www.cuellar.es\/murallasdecuellar\/?page_id=481"},"modified":"2012-03-07T22:38:37","modified_gmt":"2012-03-07T22:38:37","slug":"la-muralla-junto-a-la-puerta-de-san-martin","status":"publish","type":"page","link":"https:\/\/www.cuellar.es\/murallasdecuellar\/las-murallas-de-cuellar\/descripcion-de-las-murallas\/las-murallas-de-la-ciudadela\/tramos-3-de-la-puerta-de-santiago-a-la-puerta-de-la-juderia\/la-muralla-junto-a-la-puerta-de-san-martin\/","title":{"rendered":"La Muralla junto a la Puerta de San Mart\u00edn"},"content":{"rendered":"<p>A ambos lados de la puerta de San Mart\u00edn se conservan dos amplios pa\u00f1os de la muralla en los que, a pesar de una restauraci\u00f3n inadecuada con morteros de cemento, se conserva parte de la altura original con restos de los merlones y almenas del <a href=\"https:\/\/www.cuellar.es\/murallasdecuellar\/adarve\/\">adarve<\/a> que llegar\u00eda hasta la iglesia de San Esteban.<\/p>\n<p>Respecto al punto de conexi\u00f3n entre la muralla y la iglesia de San Esteban no est\u00e1 a\u00fan claro en la actualidad como conectaba la muralla procedente desde la puerta de San Mart\u00edn ya que por un lado podr\u00eda encontrarse con el torre\u00f3n que se levant\u00f3 tapando la puerta oeste de la iglesia de San Esteban, pero los restos de un fragmento de muralla con direcci\u00f3n Norte-Sur aparecido en el Parque Arqueol\u00f3gico de San Esteban indicar\u00edan que la muralla no se conectaba con la iglesia de San Esteban. Aunque por otra parte, en el lado Noroeste del muro norte de la iglesia de San Esteban se conservan restos murarios que se un\u00edan a la muralla procedente desde el Antiguo Estudio de La Gram\u00e1tica.<\/p>\n","protected":false},"excerpt":{"rendered":"<p>A ambos lados de la puerta de San Mart\u00edn se conservan dos amplios pa\u00f1os de la muralla en los que, a pesar de una restauraci\u00f3n inadecuada con morteros de cemento, se conserva parte de la altura original con restos de los merlones y almenas del adarve que llegar\u00eda hasta la iglesia de San Esteban. Respecto &hellip; <\/p>\n<p><a class=\"more-link btn\" href=\"https:\/\/www.cuellar.es\/murallasdecuellar\/las-murallas-de-cuellar\/descripcion-de-las-murallas\/las-murallas-de-la-ciudadela\/tramos-3-de-la-puerta-de-santiago-a-la-puerta-de-la-juderia\/la-muralla-junto-a-la-puerta-de-san-martin\/\">Seguir leyendo<\/a><\/p>\n","protected":false},"author":4,"featured_media":0,"parent":473,"menu_order":3,"comment_status":"closed","ping_status":"closed","template":"","meta":{"ngg_post_thumbnail":0,"footnotes":""},"class_list":["post-481","page","type-page","status-publish","hentry","nodate","item-wrap"],"_links":{"self":[{"href":"https:\/\/www.cuellar.es\/murallasdecuellar\/wp-json\/wp\/v2\/pages\/481","targetHints":{"allow":["GET"]}}],"collection":[{"href":"https:\/\/www.cuellar.es\/murallasdecuellar\/wp-json\/wp\/v2\/pages"}],"about":[{"href":"https:\/\/www.cuellar.es\/murallasdecuellar\/wp-json\/wp\/v2\/types\/page"}],"author":[{"embeddable":true,"href":"https:\/\/www.cuellar.es\/murallasdecuellar\/wp-json\/wp\/v2\/users\/4"}],"replies":[{"embeddable":true,"href":"https:\/\/www.cuellar.es\/murallasdecuellar\/wp-json\/wp\/v2\/comments?post=481"}],"version-history":[{"count":3,"href":"https:\/\/www.cuellar.es\/murallasdecuellar\/wp-json\/wp\/v2\/pages\/481\/revisions"}],"predecessor-version":[{"id":943,"href":"https:\/\/www.cuellar.es\/murallasdecuellar\/wp-json\/wp\/v2\/pages\/481\/revisions\/943"}],"up":[{"embeddable":true,"href":"https:\/\/www.cuellar.es\/murallasdecuellar\/wp-json\/wp\/v2\/pages\/473"}],"wp:attachment":[{"href":"https:\/\/www.cuellar.es\/murallasdecuellar\/wp-json\/wp\/v2\/media?parent=481"}],"curies":[{"name":"wp","href":"https:\/\/api.w.org\/{rel}","templated":true}]}}