{"id":479,"date":"2012-02-04T22:06:57","date_gmt":"2012-02-04T22:06:57","guid":{"rendered":"https:\/\/www.cuellar.es\/murallasdecuellar\/?page_id=479"},"modified":"2012-02-04T22:06:57","modified_gmt":"2012-02-04T22:06:57","slug":"la-puerta-de-san-martin","status":"publish","type":"page","link":"https:\/\/www.cuellar.es\/murallasdecuellar\/las-murallas-de-cuellar\/descripcion-de-las-murallas\/las-murallas-de-la-ciudadela\/tramos-3-de-la-puerta-de-santiago-a-la-puerta-de-la-juderia\/la-puerta-de-san-martin\/","title":{"rendered":"La Puerta de San Mart\u00edn"},"content":{"rendered":"<p>La puerta de San Mart\u00edn est\u00e1 constituida por un conjunto defensivo formado por un arco de medio punto realizado con grandes dovelas de piedra caliza y dos potentes torres de planta rectangular.<\/p>\n<p>A pesar de que no se aprecian restos altomedievales, el origen de esta puerta es muy posible que sea mud\u00e9jar, ya que aparece documentado que en el a\u00f1o 1437\u00a0 el conde de Luna, Fadrique de Arag\u00f3n, tom\u00f3 posesi\u00f3n de esta Villa junto a la puerta de San Mart\u00edn.<\/p>\n<p>Sobre la clave del arco, enmarcado con un alfiz, se encuentra el escudo del Concejo de Cu\u00e9llar y coronando la muralla, sobre las dos torres, se colocaron los escudos de la casa de Alburquerque, con las armas de La Cueva y Toledo. Algunos estudiosos sostienen que pudo ser restaurado y consolidado por el II Duque de Alburquerque.<\/p>\n<p>La f\u00e1brica es de mamposter\u00eda de cal y canto con sillares de piedra caliza en sus esquinas. Las torres son solidas moles defensivas que solamente se ven horadadas por peque\u00f1os huecos rectangulares que eran las troneras que serv\u00eda de vigilancia y para disparar al enemigo.<\/p>\n<p>La puerta conserva cuatro quiciales de piedra donde se encajaban dos puertas paralelas, la primera junto a las dovelas del arco que ten\u00edan una altura de 4 metros por 2,24 metros de anchas cada hoja y la puerta que iba adosada al interior de la muralla, sobrepasando el pa\u00f1o exterior, teniendo cada una de sus puertas una altura de 4,9 metros por una anchura de 2,25 metros.<\/p>\n","protected":false},"excerpt":{"rendered":"<p>La puerta de San Mart\u00edn est\u00e1 constituida por un conjunto defensivo formado por un arco de medio punto realizado con grandes dovelas de piedra caliza y dos potentes torres de planta rectangular. A pesar de que no se aprecian restos altomedievales, el origen de esta puerta es muy posible que sea mud\u00e9jar, ya que aparece &hellip; <\/p>\n<p><a class=\"more-link btn\" href=\"https:\/\/www.cuellar.es\/murallasdecuellar\/las-murallas-de-cuellar\/descripcion-de-las-murallas\/las-murallas-de-la-ciudadela\/tramos-3-de-la-puerta-de-santiago-a-la-puerta-de-la-juderia\/la-puerta-de-san-martin\/\">Seguir leyendo<\/a><\/p>\n","protected":false},"author":4,"featured_media":0,"parent":473,"menu_order":2,"comment_status":"closed","ping_status":"closed","template":"","meta":{"ngg_post_thumbnail":0,"footnotes":""},"class_list":["post-479","page","type-page","status-publish","hentry","nodate","item-wrap"],"_links":{"self":[{"href":"https:\/\/www.cuellar.es\/murallasdecuellar\/wp-json\/wp\/v2\/pages\/479","targetHints":{"allow":["GET"]}}],"collection":[{"href":"https:\/\/www.cuellar.es\/murallasdecuellar\/wp-json\/wp\/v2\/pages"}],"about":[{"href":"https:\/\/www.cuellar.es\/murallasdecuellar\/wp-json\/wp\/v2\/types\/page"}],"author":[{"embeddable":true,"href":"https:\/\/www.cuellar.es\/murallasdecuellar\/wp-json\/wp\/v2\/users\/4"}],"replies":[{"embeddable":true,"href":"https:\/\/www.cuellar.es\/murallasdecuellar\/wp-json\/wp\/v2\/comments?post=479"}],"version-history":[{"count":1,"href":"https:\/\/www.cuellar.es\/murallasdecuellar\/wp-json\/wp\/v2\/pages\/479\/revisions"}],"predecessor-version":[{"id":480,"href":"https:\/\/www.cuellar.es\/murallasdecuellar\/wp-json\/wp\/v2\/pages\/479\/revisions\/480"}],"up":[{"embeddable":true,"href":"https:\/\/www.cuellar.es\/murallasdecuellar\/wp-json\/wp\/v2\/pages\/473"}],"wp:attachment":[{"href":"https:\/\/www.cuellar.es\/murallasdecuellar\/wp-json\/wp\/v2\/media?parent=479"}],"curies":[{"name":"wp","href":"https:\/\/api.w.org\/{rel}","templated":true}]}}