{"id":476,"date":"2012-02-04T22:04:04","date_gmt":"2012-02-04T22:04:04","guid":{"rendered":"https:\/\/www.cuellar.es\/murallasdecuellar\/?page_id=476"},"modified":"2012-02-04T22:04:04","modified_gmt":"2012-02-04T22:04:04","slug":"la-muralla-entre-las-puertas-de-santiago-y-san-martin","status":"publish","type":"page","link":"https:\/\/www.cuellar.es\/murallasdecuellar\/las-murallas-de-cuellar\/descripcion-de-las-murallas\/las-murallas-de-la-ciudadela\/tramos-3-de-la-puerta-de-santiago-a-la-puerta-de-la-juderia\/la-muralla-entre-las-puertas-de-santiago-y-san-martin\/","title":{"rendered":"La Muralla entre las Puertas de Santiago y San Mart\u00edn"},"content":{"rendered":"<p>Este tramo de muralla, a\u00fan pendiente de restaurar, unir\u00e1 la puerta de Santiago con la puerta de San Mart\u00edn y en su recorrido nos encontraremos con una torre desde la que se podr\u00e1 en un futuro acceder a la muralla. Esta torre es de planta cuadrangular y tiene tres estancias interiores abovedadas que a trav\u00e9s de saeteras abocinadas se controlaban los diferentes lados del exterior de la muralla.<\/p>\n<p>En la parte superior del pa\u00f1o exterior de la torre se conservan un escudo con las armas de La Cueva, que aparecen tambi\u00e9n en otro escudo que se encuentra entre esta torre y la puerta de San Mart\u00edn.<\/p>\n","protected":false},"excerpt":{"rendered":"<p>Este tramo de muralla, a\u00fan pendiente de restaurar, unir\u00e1 la puerta de Santiago con la puerta de San Mart\u00edn y en su recorrido nos encontraremos con una torre desde la que se podr\u00e1 en un futuro acceder a la muralla. Esta torre es de planta cuadrangular y tiene tres estancias interiores abovedadas que a trav\u00e9s &hellip; <\/p>\n<p><a class=\"more-link btn\" href=\"https:\/\/www.cuellar.es\/murallasdecuellar\/las-murallas-de-cuellar\/descripcion-de-las-murallas\/las-murallas-de-la-ciudadela\/tramos-3-de-la-puerta-de-santiago-a-la-puerta-de-la-juderia\/la-muralla-entre-las-puertas-de-santiago-y-san-martin\/\">Seguir leyendo<\/a><\/p>\n","protected":false},"author":4,"featured_media":0,"parent":473,"menu_order":1,"comment_status":"closed","ping_status":"closed","template":"","meta":{"ngg_post_thumbnail":0,"footnotes":""},"class_list":["post-476","page","type-page","status-publish","hentry","nodate","item-wrap"],"_links":{"self":[{"href":"https:\/\/www.cuellar.es\/murallasdecuellar\/wp-json\/wp\/v2\/pages\/476","targetHints":{"allow":["GET"]}}],"collection":[{"href":"https:\/\/www.cuellar.es\/murallasdecuellar\/wp-json\/wp\/v2\/pages"}],"about":[{"href":"https:\/\/www.cuellar.es\/murallasdecuellar\/wp-json\/wp\/v2\/types\/page"}],"author":[{"embeddable":true,"href":"https:\/\/www.cuellar.es\/murallasdecuellar\/wp-json\/wp\/v2\/users\/4"}],"replies":[{"embeddable":true,"href":"https:\/\/www.cuellar.es\/murallasdecuellar\/wp-json\/wp\/v2\/comments?post=476"}],"version-history":[{"count":2,"href":"https:\/\/www.cuellar.es\/murallasdecuellar\/wp-json\/wp\/v2\/pages\/476\/revisions"}],"predecessor-version":[{"id":478,"href":"https:\/\/www.cuellar.es\/murallasdecuellar\/wp-json\/wp\/v2\/pages\/476\/revisions\/478"}],"up":[{"embeddable":true,"href":"https:\/\/www.cuellar.es\/murallasdecuellar\/wp-json\/wp\/v2\/pages\/473"}],"wp:attachment":[{"href":"https:\/\/www.cuellar.es\/murallasdecuellar\/wp-json\/wp\/v2\/media?parent=476"}],"curies":[{"name":"wp","href":"https:\/\/api.w.org\/{rel}","templated":true}]}}

La Muralla entre las Puertas de Santiago y San Martín

<p>Este tramo de muralla, aún pendiente de restaurar, unirá la puerta de Santiago con la puerta de San Martín y en su recorrido nos encontraremos con una torre desde la que se podrá en un futuro acceder a la muralla. Esta torre es de planta cuadrangular y tiene tres estancias interiores abovedadas que a través de saeteras abocinadas se controlaban los diferentes lados del exterior de la muralla.</p>
<p>En la parte superior del paño exterior de la torre se conservan un escudo con las armas de La Cueva, que aparecen también en otro escudo que se encuentra entre esta torre y la puerta de San Martín.</p>

<p>Este tramo de muralla, aún pendiente de restaurar, unirá la puerta de Santiago con la puerta de San Martín y en su recorrido nos encontraremos con una torre desde la que se podrá en un futuro acceder a la muralla. Esta torre es de planta cuadrangular y tiene tres estancias interiores abovedadas que a través &hellip; </p>
<p><a class="more-link btn" href="https://www.cuellar.es/murallasdecuellar/las-murallas-de-cuellar/descripcion-de-las-murallas/las-murallas-de-la-ciudadela/tramos-3-de-la-puerta-de-santiago-a-la-puerta-de-la-juderia/la-muralla-entre-las-puertas-de-santiago-y-san-martin/">Seguir leyendo</a></p>
