{"id":469,"date":"2012-02-04T21:57:13","date_gmt":"2012-02-04T21:57:13","guid":{"rendered":"https:\/\/www.cuellar.es\/murallasdecuellar\/?page_id=469"},"modified":"2012-02-04T21:57:13","modified_gmt":"2012-02-04T21:57:13","slug":"la-torre-de-santiago","status":"publish","type":"page","link":"https:\/\/www.cuellar.es\/murallasdecuellar\/las-murallas-de-cuellar\/descripcion-de-las-murallas\/las-murallas-de-la-ciudadela\/tramo-2-del-castillo-a-la-puerta-de-santiago\/la-muralla-desde-la-puerta-de-las-cuevas-a-la-puerta-de-santiago\/la-torre-de-santiago\/","title":{"rendered":"La Torre de Santiago"},"content":{"rendered":"<p>Las obras de primera fase de restauraci\u00f3n de las murallas han recuperado esta torre hasta su altura original. Pero adem\u00e1s, estos trabajos han puesto al descubierto la aparici\u00f3n en el interior de la torre la forma original de esta torre que muestra un tama\u00f1o bastante m\u00e1s reducido, con una planta poligonal de diez lados, en vez de los cinco pa\u00f1os que se muestran en la actualidad.<\/p>\n<p>Las caracter\u00edsticas de la f\u00e1brica de la torre de Santiago muestran una tipolog\u00eda similar a las puertas mud\u00e9jares de San Basilio, la torre de la desaparecida puerta de Las Cuevas o la torre sureste del Castillo, levantados con una base de mamposter\u00eda de cal y piedra caliza y en la parte superior destaca de mamposter\u00eda que se alterna con las esquinas hechas en ladrillo macizo y los pa\u00f1os lisos de mamposter\u00eda alternando con verdugadas de ladrillo.<\/p>\n<p>El hallazgo de la torre primitiva embebida \u00a0en la actual supone que en el periodo altomedieval de construcci\u00f3n mud\u00e9jar de la muralla no hab\u00eda contacto entre la torre y la iglesia de Santiago, produci\u00e9ndose dicha uni\u00f3n con las obras de mejora y ampliaci\u00f3n de las murallas que se realizaron con la llegada de la casa ducal de Alburquerque a Cu\u00e9llar.<\/p>\n<p>Importante es la \u201cvista de p\u00e1jaro\u201d que se puede disfrutar de la ciudad medieval desde la terraza superior de la torre donde con paneles interpretativos se pueden identificar los monumentos m\u00e1s importantes de la Villa, as\u00ed como el entorno comarcal, \u201cel mar de pinares\u201d y la sierra del Guadarrama.<\/p>\n","protected":false},"excerpt":{"rendered":"<p>Las obras de primera fase de restauraci\u00f3n de las murallas han recuperado esta torre hasta su altura original. Pero adem\u00e1s, estos trabajos han puesto al descubierto la aparici\u00f3n en el interior de la torre la forma original de esta torre que muestra un tama\u00f1o bastante m\u00e1s reducido, con una planta poligonal de diez lados, en &hellip; <\/p>\n<p><a class=\"more-link btn\" href=\"https:\/\/www.cuellar.es\/murallasdecuellar\/las-murallas-de-cuellar\/descripcion-de-las-murallas\/las-murallas-de-la-ciudadela\/tramo-2-del-castillo-a-la-puerta-de-santiago\/la-muralla-desde-la-puerta-de-las-cuevas-a-la-puerta-de-santiago\/la-torre-de-santiago\/\">Seguir leyendo<\/a><\/p>\n","protected":false},"author":4,"featured_media":0,"parent":464,"menu_order":2,"comment_status":"closed","ping_status":"closed","template":"","meta":{"ngg_post_thumbnail":0,"footnotes":""},"class_list":["post-469","page","type-page","status-publish","hentry","nodate","item-wrap"],"_links":{"self":[{"href":"https:\/\/www.cuellar.es\/murallasdecuellar\/wp-json\/wp\/v2\/pages\/469","targetHints":{"allow":["GET"]}}],"collection":[{"href":"https:\/\/www.cuellar.es\/murallasdecuellar\/wp-json\/wp\/v2\/pages"}],"about":[{"href":"https:\/\/www.cuellar.es\/murallasdecuellar\/wp-json\/wp\/v2\/types\/page"}],"author":[{"embeddable":true,"href":"https:\/\/www.cuellar.es\/murallasdecuellar\/wp-json\/wp\/v2\/users\/4"}],"replies":[{"embeddable":true,"href":"https:\/\/www.cuellar.es\/murallasdecuellar\/wp-json\/wp\/v2\/comments?post=469"}],"version-history":[{"count":1,"href":"https:\/\/www.cuellar.es\/murallasdecuellar\/wp-json\/wp\/v2\/pages\/469\/revisions"}],"predecessor-version":[{"id":470,"href":"https:\/\/www.cuellar.es\/murallasdecuellar\/wp-json\/wp\/v2\/pages\/469\/revisions\/470"}],"up":[{"embeddable":true,"href":"https:\/\/www.cuellar.es\/murallasdecuellar\/wp-json\/wp\/v2\/pages\/464"}],"wp:attachment":[{"href":"https:\/\/www.cuellar.es\/murallasdecuellar\/wp-json\/wp\/v2\/media?parent=469"}],"curies":[{"name":"wp","href":"https:\/\/api.w.org\/{rel}","templated":true}]}}

<p>Las obras de primera fase de restauración de las murallas han recuperado esta torre hasta su altura original. Pero además, estos trabajos han puesto al descubierto la aparición en el interior de la torre la forma original de esta torre que muestra un tamaño bastante más reducido, con una planta poligonal de diez lados, en vez de los cinco paños que se muestran en la actualidad.</p>
<p>Las características de la fábrica de la torre de Santiago muestran una tipología similar a las puertas mudéjares de San Basilio, la torre de la desaparecida puerta de Las Cuevas o la torre sureste del Castillo, levantados con una base de mampostería de cal y piedra caliza y en la parte superior destaca de mampostería que se alterna con las esquinas hechas en ladrillo macizo y los paños lisos de mampostería alternando con verdugadas de ladrillo.</p>
<p>El hallazgo de la torre primitiva embebida  en la actual supone que en el periodo altomedieval de construcción mudéjar de la muralla no había contacto entre la torre y la iglesia de Santiago, produciéndose dicha unión con las obras de mejora y ampliación de las murallas que se realizaron con la llegada de la casa ducal de Alburquerque a Cuéllar.</p>
<p>Importante es la “vista de pájaro” que se puede disfrutar de la ciudad medieval desde la terraza superior de la torre donde con paneles interpretativos se pueden identificar los monumentos más importantes de la Villa, así como el entorno comarcal, “el mar de pinares” y la sierra del Guadarrama.</p>

<p>Las obras de primera fase de restauración de las murallas han recuperado esta torre hasta su altura original. Pero además, estos trabajos han puesto al descubierto la aparición en el interior de la torre la forma original de esta torre que muestra un tamaño bastante más reducido, con una planta poligonal de diez lados, en &hellip; </p>
<p><a class="more-link btn" href="https://www.cuellar.es/murallasdecuellar/las-murallas-de-cuellar/descripcion-de-las-murallas/las-murallas-de-la-ciudadela/tramo-2-del-castillo-a-la-puerta-de-santiago/la-muralla-desde-la-puerta-de-las-cuevas-a-la-puerta-de-santiago/la-torre-de-santiago/">Seguir leyendo</a></p>
