{"id":457,"date":"2012-02-04T21:44:19","date_gmt":"2012-02-04T21:44:19","guid":{"rendered":"https:\/\/www.cuellar.es\/murallasdecuellar\/?page_id=457"},"modified":"2012-02-04T21:50:29","modified_gmt":"2012-02-04T21:50:29","slug":"la-puerta-de-las-cuevas","status":"publish","type":"page","link":"https:\/\/www.cuellar.es\/murallasdecuellar\/las-murallas-de-cuellar\/descripcion-de-las-murallas\/las-murallas-de-la-ciudadela\/tramo-2-del-castillo-a-la-puerta-de-santiago\/la-puerta-de-las-cuevas-y-su-entorno\/la-puerta-de-las-cuevas\/","title":{"rendered":"La puerta de las Cuevas"},"content":{"rendered":"<p><strong>\u00a0<\/strong>A pesar de que no existe documentaci\u00f3n gr\u00e1fica sobre el conjunto defensivo de esta puerta, su origen se remonta al siglo XII, seg\u00fan puede apreciarse en los restos mud\u00e9jares que se conservan en el torre\u00f3n de la desaparecida puerta (esquinas y verdugadas de ladrillo entre el muro de tapial de cal y canto).<\/p>\n<p>La torre por su exterior se construy\u00f3 con un z\u00f3calo de mamposter\u00eda de cal y canto con esquinas de sillares calizos que ocupaban los primeros 4,6 metros de su altura, pasando a ser un muro de mamposter\u00eda donde aparecen verdugadas de ladrillos cada 110 cm y las esquinas de la torre tambi\u00e9n se remataron con ladrillos.<\/p>\n<p>En la base del interior de la torre mud\u00e9jar se conservan interesantes restos del sistema constructivo original, pudiendo apreciarse las huellas dejadas por los tablones que formaba el encofrado de madera y la alternancia que ten\u00edan los cajones para superponerse y entrelazarse una vez se iba levantando la torre. As\u00ed\u00a0 podemos confirmar que la altura de los cajones de los encofrados estar\u00eda entre los 120 y 126 cm y que cada tabl\u00f3n tendr\u00eda una anchura\u00a0 de 26 cm. Tambi\u00e9n se conservan algunos de los huecos de los mechinales donde iban las maderas que serv\u00edan para sujetar los andamios o unir los tapiales.<\/p>\n","protected":false},"excerpt":{"rendered":"<p>\u00a0A pesar de que no existe documentaci\u00f3n gr\u00e1fica sobre el conjunto defensivo de esta puerta, su origen se remonta al siglo XII, seg\u00fan puede apreciarse en los restos mud\u00e9jares que se conservan en el torre\u00f3n de la desaparecida puerta (esquinas y verdugadas de ladrillo entre el muro de tapial de cal y canto). La torre &hellip; <\/p>\n<p><a class=\"more-link btn\" href=\"https:\/\/www.cuellar.es\/murallasdecuellar\/las-murallas-de-cuellar\/descripcion-de-las-murallas\/las-murallas-de-la-ciudadela\/tramo-2-del-castillo-a-la-puerta-de-santiago\/la-puerta-de-las-cuevas-y-su-entorno\/la-puerta-de-las-cuevas\/\">Seguir leyendo<\/a><\/p>\n","protected":false},"author":4,"featured_media":0,"parent":455,"menu_order":1,"comment_status":"closed","ping_status":"closed","template":"","meta":{"ngg_post_thumbnail":0,"footnotes":""},"class_list":["post-457","page","type-page","status-publish","hentry","nodate","item-wrap"],"_links":{"self":[{"href":"https:\/\/www.cuellar.es\/murallasdecuellar\/wp-json\/wp\/v2\/pages\/457","targetHints":{"allow":["GET"]}}],"collection":[{"href":"https:\/\/www.cuellar.es\/murallasdecuellar\/wp-json\/wp\/v2\/pages"}],"about":[{"href":"https:\/\/www.cuellar.es\/murallasdecuellar\/wp-json\/wp\/v2\/types\/page"}],"author":[{"embeddable":true,"href":"https:\/\/www.cuellar.es\/murallasdecuellar\/wp-json\/wp\/v2\/users\/4"}],"replies":[{"embeddable":true,"href":"https:\/\/www.cuellar.es\/murallasdecuellar\/wp-json\/wp\/v2\/comments?post=457"}],"version-history":[{"count":2,"href":"https:\/\/www.cuellar.es\/murallasdecuellar\/wp-json\/wp\/v2\/pages\/457\/revisions"}],"predecessor-version":[{"id":459,"href":"https:\/\/www.cuellar.es\/murallasdecuellar\/wp-json\/wp\/v2\/pages\/457\/revisions\/459"}],"up":[{"embeddable":true,"href":"https:\/\/www.cuellar.es\/murallasdecuellar\/wp-json\/wp\/v2\/pages\/455"}],"wp:attachment":[{"href":"https:\/\/www.cuellar.es\/murallasdecuellar\/wp-json\/wp\/v2\/media?parent=457"}],"curies":[{"name":"wp","href":"https:\/\/api.w.org\/{rel}","templated":true}]}}

<p><strong> </strong>A pesar de que no existe documentación gráfica sobre el conjunto defensivo de esta puerta, su origen se remonta al siglo XII, según puede apreciarse en los restos mudéjares que se conservan en el torreón de la desaparecida puerta (esquinas y verdugadas de ladrillo entre el muro de tapial de cal y canto).</p>
<p>La torre por su exterior se construyó con un zócalo de mampostería de cal y canto con esquinas de sillares calizos que ocupaban los primeros 4,6 metros de su altura, pasando a ser un muro de mampostería donde aparecen verdugadas de ladrillos cada 110 cm y las esquinas de la torre también se remataron con ladrillos.</p>
<p>En la base del interior de la torre mudéjar se conservan interesantes restos del sistema constructivo original, pudiendo apreciarse las huellas dejadas por los tablones que formaba el encofrado de madera y la alternancia que tenían los cajones para superponerse y entrelazarse una vez se iba levantando la torre. Así  podemos confirmar que la altura de los cajones de los encofrados estaría entre los 120 y 126 cm y que cada tablón tendría una anchura  de 26 cm. También se conservan algunos de los huecos de los mechinales donde iban las maderas que servían para sujetar los andamios o unir los tapiales.</p>

<p> A pesar de que no existe documentación gráfica sobre el conjunto defensivo de esta puerta, su origen se remonta al siglo XII, según puede apreciarse en los restos mudéjares que se conservan en el torreón de la desaparecida puerta (esquinas y verdugadas de ladrillo entre el muro de tapial de cal y canto). La torre &hellip; </p>
<p><a class="more-link btn" href="https://www.cuellar.es/murallasdecuellar/las-murallas-de-cuellar/descripcion-de-las-murallas/las-murallas-de-la-ciudadela/tramo-2-del-castillo-a-la-puerta-de-santiago/la-puerta-de-las-cuevas-y-su-entorno/la-puerta-de-las-cuevas/">Seguir leyendo</a></p>
