{"id":450,"date":"2012-02-04T20:40:24","date_gmt":"2012-02-04T20:40:24","guid":{"rendered":"https:\/\/www.cuellar.es\/murallasdecuellar\/?page_id=450"},"modified":"2012-02-04T20:40:24","modified_gmt":"2012-02-04T20:40:24","slug":"huerta-del-duque","status":"publish","type":"page","link":"https:\/\/www.cuellar.es\/murallasdecuellar\/las-murallas-de-cuellar\/descripcion-de-las-murallas\/las-murallas-de-la-ciudadela\/tramo-2-del-castillo-a-la-puerta-de-santiago\/la-muralla-junto-a-la-huerta-del-duque\/huerta-del-duque\/","title":{"rendered":"Huerta del Duque"},"content":{"rendered":"<p>Lo que en el siglo XV se conoc\u00eda como \u201cel bosque del Duque\u201d y en la actualidad \u201cHuerta del Duque\u201d es una gran zona verde que dispone de m\u00e1s de treinta variedades de \u00e1rboles y m\u00e1s de doscientas especies vegetales en una extensi\u00f3n que supera las ocho hect\u00e1reas. En este parque se pueden realizar paseos, circuitos deportivos, o disfrutar de un ambiente distendido en plena naturaleza. Tambi\u00e9n, en este parque se celebra en el mes de agosto la Feria Medieval Mud\u00e9jar.<\/p>\n","protected":false},"excerpt":{"rendered":"<p>Lo que en el siglo XV se conoc\u00eda como \u201cel bosque del Duque\u201d y en la actualidad \u201cHuerta del Duque\u201d es una gran zona verde que dispone de m\u00e1s de treinta variedades de \u00e1rboles y m\u00e1s de doscientas especies vegetales en una extensi\u00f3n que supera las ocho hect\u00e1reas. En este parque se pueden realizar paseos, &hellip; <\/p>\n<p><a class=\"more-link btn\" href=\"https:\/\/www.cuellar.es\/murallasdecuellar\/las-murallas-de-cuellar\/descripcion-de-las-murallas\/las-murallas-de-la-ciudadela\/tramo-2-del-castillo-a-la-puerta-de-santiago\/la-muralla-junto-a-la-huerta-del-duque\/huerta-del-duque\/\">Seguir leyendo<\/a><\/p>\n","protected":false},"author":4,"featured_media":0,"parent":438,"menu_order":5,"comment_status":"closed","ping_status":"closed","template":"","meta":{"ngg_post_thumbnail":0,"footnotes":""},"class_list":["post-450","page","type-page","status-publish","hentry","nodate","item-wrap"],"_links":{"self":[{"href":"https:\/\/www.cuellar.es\/murallasdecuellar\/wp-json\/wp\/v2\/pages\/450","targetHints":{"allow":["GET"]}}],"collection":[{"href":"https:\/\/www.cuellar.es\/murallasdecuellar\/wp-json\/wp\/v2\/pages"}],"about":[{"href":"https:\/\/www.cuellar.es\/murallasdecuellar\/wp-json\/wp\/v2\/types\/page"}],"author":[{"embeddable":true,"href":"https:\/\/www.cuellar.es\/murallasdecuellar\/wp-json\/wp\/v2\/users\/4"}],"replies":[{"embeddable":true,"href":"https:\/\/www.cuellar.es\/murallasdecuellar\/wp-json\/wp\/v2\/comments?post=450"}],"version-history":[{"count":1,"href":"https:\/\/www.cuellar.es\/murallasdecuellar\/wp-json\/wp\/v2\/pages\/450\/revisions"}],"predecessor-version":[{"id":451,"href":"https:\/\/www.cuellar.es\/murallasdecuellar\/wp-json\/wp\/v2\/pages\/450\/revisions\/451"}],"up":[{"embeddable":true,"href":"https:\/\/www.cuellar.es\/murallasdecuellar\/wp-json\/wp\/v2\/pages\/438"}],"wp:attachment":[{"href":"https:\/\/www.cuellar.es\/murallasdecuellar\/wp-json\/wp\/v2\/media?parent=450"}],"curies":[{"name":"wp","href":"https:\/\/api.w.org\/{rel}","templated":true}]}}

<p>Lo que en el siglo XV se conocía como “el bosque del Duque” y en la actualidad “Huerta del Duque” es una gran zona verde que dispone de más de treinta variedades de árboles y más de doscientas especies vegetales en una extensión que supera las ocho hectáreas. En este parque se pueden realizar paseos, circuitos deportivos, o disfrutar de un ambiente distendido en plena naturaleza. También, en este parque se celebra en el mes de agosto la Feria Medieval Mudéjar.</p>

<p>Lo que en el siglo XV se conocía como “el bosque del Duque” y en la actualidad “Huerta del Duque” es una gran zona verde que dispone de más de treinta variedades de árboles y más de doscientas especies vegetales en una extensión que supera las ocho hectáreas. En este parque se pueden realizar paseos, &hellip; </p>
<p><a class="more-link btn" href="https://www.cuellar.es/murallasdecuellar/las-murallas-de-cuellar/descripcion-de-las-murallas/las-murallas-de-la-ciudadela/tramo-2-del-castillo-a-la-puerta-de-santiago/la-muralla-junto-a-la-huerta-del-duque/huerta-del-duque/">Seguir leyendo</a></p>
