{"id":448,"date":"2012-02-04T20:39:09","date_gmt":"2012-02-04T20:39:09","guid":{"rendered":"https:\/\/www.cuellar.es\/murallasdecuellar\/?page_id=448"},"modified":"2012-02-04T20:39:09","modified_gmt":"2012-02-04T20:39:09","slug":"la-contramuralla-o-barbacana","status":"publish","type":"page","link":"https:\/\/www.cuellar.es\/murallasdecuellar\/las-murallas-de-cuellar\/descripcion-de-las-murallas\/las-murallas-de-la-ciudadela\/tramo-2-del-castillo-a-la-puerta-de-santiago\/la-muralla-junto-a-la-huerta-del-duque\/la-contramuralla-o-barbacana\/","title":{"rendered":"La contramuralla o barbacana"},"content":{"rendered":"<p>A pesar de que no se aprecia la existencia de contramuralla en el tramo entre el castillo y la puerta de Las Cuevas se sabe de su existencia primero porque el exterior de toda la muralla de Cu\u00e9llar llevaba su contramuralla y tambi\u00e9n porque sobre el terreno se percibe el recorrido que tendr\u00eda y que en parte seguramente se encuentre a\u00fan cubierta de vegetaci\u00f3n o rellenos de otro tipo de materiales.<\/p>\n","protected":false},"excerpt":{"rendered":"<p>A pesar de que no se aprecia la existencia de contramuralla en el tramo entre el castillo y la puerta de Las Cuevas se sabe de su existencia primero porque el exterior de toda la muralla de Cu\u00e9llar llevaba su contramuralla y tambi\u00e9n porque sobre el terreno se percibe el recorrido que tendr\u00eda y que &hellip; <\/p>\n<p><a class=\"more-link btn\" href=\"https:\/\/www.cuellar.es\/murallasdecuellar\/las-murallas-de-cuellar\/descripcion-de-las-murallas\/las-murallas-de-la-ciudadela\/tramo-2-del-castillo-a-la-puerta-de-santiago\/la-muralla-junto-a-la-huerta-del-duque\/la-contramuralla-o-barbacana\/\">Seguir leyendo<\/a><\/p>\n","protected":false},"author":4,"featured_media":0,"parent":438,"menu_order":4,"comment_status":"closed","ping_status":"closed","template":"","meta":{"ngg_post_thumbnail":0,"footnotes":""},"class_list":["post-448","page","type-page","status-publish","hentry","nodate","item-wrap"],"_links":{"self":[{"href":"https:\/\/www.cuellar.es\/murallasdecuellar\/wp-json\/wp\/v2\/pages\/448","targetHints":{"allow":["GET"]}}],"collection":[{"href":"https:\/\/www.cuellar.es\/murallasdecuellar\/wp-json\/wp\/v2\/pages"}],"about":[{"href":"https:\/\/www.cuellar.es\/murallasdecuellar\/wp-json\/wp\/v2\/types\/page"}],"author":[{"embeddable":true,"href":"https:\/\/www.cuellar.es\/murallasdecuellar\/wp-json\/wp\/v2\/users\/4"}],"replies":[{"embeddable":true,"href":"https:\/\/www.cuellar.es\/murallasdecuellar\/wp-json\/wp\/v2\/comments?post=448"}],"version-history":[{"count":1,"href":"https:\/\/www.cuellar.es\/murallasdecuellar\/wp-json\/wp\/v2\/pages\/448\/revisions"}],"predecessor-version":[{"id":449,"href":"https:\/\/www.cuellar.es\/murallasdecuellar\/wp-json\/wp\/v2\/pages\/448\/revisions\/449"}],"up":[{"embeddable":true,"href":"https:\/\/www.cuellar.es\/murallasdecuellar\/wp-json\/wp\/v2\/pages\/438"}],"wp:attachment":[{"href":"https:\/\/www.cuellar.es\/murallasdecuellar\/wp-json\/wp\/v2\/media?parent=448"}],"curies":[{"name":"wp","href":"https:\/\/api.w.org\/{rel}","templated":true}]}}

<p>A pesar de que no se aprecia la existencia de contramuralla en el tramo entre el castillo y la puerta de Las Cuevas se sabe de su existencia primero porque el exterior de toda la muralla de Cuéllar llevaba su contramuralla y también porque sobre el terreno se percibe el recorrido que tendría y que en parte seguramente se encuentre aún cubierta de vegetación o rellenos de otro tipo de materiales.</p>

<p>A pesar de que no se aprecia la existencia de contramuralla en el tramo entre el castillo y la puerta de Las Cuevas se sabe de su existencia primero porque el exterior de toda la muralla de Cuéllar llevaba su contramuralla y también porque sobre el terreno se percibe el recorrido que tendría y que &hellip; </p>
<p><a class="more-link btn" href="https://www.cuellar.es/murallasdecuellar/las-murallas-de-cuellar/descripcion-de-las-murallas/las-murallas-de-la-ciudadela/tramo-2-del-castillo-a-la-puerta-de-santiago/la-muralla-junto-a-la-huerta-del-duque/la-contramuralla-o-barbacana/">Seguir leyendo</a></p>
