{"id":441,"date":"2012-02-04T20:33:17","date_gmt":"2012-02-04T20:33:17","guid":{"rendered":"https:\/\/www.cuellar.es\/murallasdecuellar\/?page_id=441"},"modified":"2012-03-07T22:43:42","modified_gmt":"2012-03-07T22:43:42","slug":"la-muralla-sobre-el-foso","status":"publish","type":"page","link":"https:\/\/www.cuellar.es\/murallasdecuellar\/las-murallas-de-cuellar\/descripcion-de-las-murallas\/las-murallas-de-la-ciudadela\/tramo-2-del-castillo-a-la-puerta-de-santiago\/la-muralla-junto-a-la-huerta-del-duque\/la-muralla-sobre-el-foso\/","title":{"rendered":"La muralla sobre el foso"},"content":{"rendered":"<p>Una de las obras m\u00e1s importantes en lo que se refiere a la cantidad de metros c\u00fabicos de material utilizado recuperando la muralla ha sido la uni\u00f3n de la muralla del extremo Oeste de la explanada del castillo con la puerta sureste del castillo ya que se ha levantado ex novo desde el subsuelo hasta la coronaci\u00f3n del <a href=\"https:\/\/www.cuellar.es\/murallasdecuellar\/adarve\/\">adarve<\/a> consiguiendo unir el castillo con la muralla dejando un hueco de acceso por su parte inferior coincidiendo con el foso del castillo.<\/p>\n","protected":false},"excerpt":{"rendered":"<p>Una de las obras m\u00e1s importantes en lo que se refiere a la cantidad de metros c\u00fabicos de material utilizado recuperando la muralla ha sido la uni\u00f3n de la muralla del extremo Oeste de la explanada del castillo con la puerta sureste del castillo ya que se ha levantado ex novo desde el subsuelo hasta &hellip; <\/p>\n<p><a class=\"more-link btn\" href=\"https:\/\/www.cuellar.es\/murallasdecuellar\/las-murallas-de-cuellar\/descripcion-de-las-murallas\/las-murallas-de-la-ciudadela\/tramo-2-del-castillo-a-la-puerta-de-santiago\/la-muralla-junto-a-la-huerta-del-duque\/la-muralla-sobre-el-foso\/\">Seguir leyendo<\/a><\/p>\n","protected":false},"author":4,"featured_media":0,"parent":438,"menu_order":1,"comment_status":"closed","ping_status":"closed","template":"","meta":{"ngg_post_thumbnail":0,"footnotes":""},"class_list":["post-441","page","type-page","status-publish","hentry","nodate","item-wrap"],"_links":{"self":[{"href":"https:\/\/www.cuellar.es\/murallasdecuellar\/wp-json\/wp\/v2\/pages\/441","targetHints":{"allow":["GET"]}}],"collection":[{"href":"https:\/\/www.cuellar.es\/murallasdecuellar\/wp-json\/wp\/v2\/pages"}],"about":[{"href":"https:\/\/www.cuellar.es\/murallasdecuellar\/wp-json\/wp\/v2\/types\/page"}],"author":[{"embeddable":true,"href":"https:\/\/www.cuellar.es\/murallasdecuellar\/wp-json\/wp\/v2\/users\/4"}],"replies":[{"embeddable":true,"href":"https:\/\/www.cuellar.es\/murallasdecuellar\/wp-json\/wp\/v2\/comments?post=441"}],"version-history":[{"count":3,"href":"https:\/\/www.cuellar.es\/murallasdecuellar\/wp-json\/wp\/v2\/pages\/441\/revisions"}],"predecessor-version":[{"id":443,"href":"https:\/\/www.cuellar.es\/murallasdecuellar\/wp-json\/wp\/v2\/pages\/441\/revisions\/443"}],"up":[{"embeddable":true,"href":"https:\/\/www.cuellar.es\/murallasdecuellar\/wp-json\/wp\/v2\/pages\/438"}],"wp:attachment":[{"href":"https:\/\/www.cuellar.es\/murallasdecuellar\/wp-json\/wp\/v2\/media?parent=441"}],"curies":[{"name":"wp","href":"https:\/\/api.w.org\/{rel}","templated":true}]}}

<p>Una de las obras más importantes en lo que se refiere a la cantidad de metros cúbicos de material utilizado recuperando la muralla ha sido la unión de la muralla del extremo Oeste de la explanada del castillo con la puerta sureste del castillo ya que se ha levantado ex novo desde el subsuelo hasta la coronación del <a href="https://www.cuellar.es/murallasdecuellar/adarve/">adarve</a> consiguiendo unir el castillo con la muralla dejando un hueco de acceso por su parte inferior coincidiendo con el foso del castillo.</p>

<p>Una de las obras más importantes en lo que se refiere a la cantidad de metros cúbicos de material utilizado recuperando la muralla ha sido la unión de la muralla del extremo Oeste de la explanada del castillo con la puerta sureste del castillo ya que se ha levantado ex novo desde el subsuelo hasta &hellip; </p>
<p><a class="more-link btn" href="https://www.cuellar.es/murallasdecuellar/las-murallas-de-cuellar/descripcion-de-las-murallas/las-murallas-de-la-ciudadela/tramo-2-del-castillo-a-la-puerta-de-santiago/la-muralla-junto-a-la-huerta-del-duque/la-muralla-sobre-el-foso/">Seguir leyendo</a></p>
