{"id":438,"date":"2012-02-04T20:30:06","date_gmt":"2012-02-04T20:30:06","guid":{"rendered":"https:\/\/www.cuellar.es\/murallasdecuellar\/?page_id=438"},"modified":"2012-02-04T20:30:06","modified_gmt":"2012-02-04T20:30:06","slug":"la-muralla-junto-a-la-huerta-del-duque","status":"publish","type":"page","link":"https:\/\/www.cuellar.es\/murallasdecuellar\/las-murallas-de-cuellar\/descripcion-de-las-murallas\/las-murallas-de-la-ciudadela\/tramo-2-del-castillo-a-la-puerta-de-santiago\/la-muralla-junto-a-la-huerta-del-duque\/","title":{"rendered":"La Muralla junto a la Huerta del Duque"},"content":{"rendered":"<p>El largo tramo de muralla que va paralelo a la Huerta del Duque desde el castillo a la puerta del las Cuevas impresiona por su gran tama\u00f1o sobre la plataforma de la explanada del Castillo y en el l\u00edmite de la pendiente hacia el Sur en direcci\u00f3n a la zona m\u00e1s baja de la Huerta del Duque.<\/p>\n<p>Recorrer este tramo de\u00a0 la muralla se puede hacer tanto por su paseo de ronda como en su base paseando a nivel del suelo por el exterior de la muralla junto a la Huerta del Duque.<\/p>\n","protected":false},"excerpt":{"rendered":"<p>El largo tramo de muralla que va paralelo a la Huerta del Duque desde el castillo a la puerta del las Cuevas impresiona por su gran tama\u00f1o sobre la plataforma de la explanada del Castillo y en el l\u00edmite de la pendiente hacia el Sur en direcci\u00f3n a la zona m\u00e1s baja de la Huerta &hellip; <\/p>\n<p><a class=\"more-link btn\" href=\"https:\/\/www.cuellar.es\/murallasdecuellar\/las-murallas-de-cuellar\/descripcion-de-las-murallas\/las-murallas-de-la-ciudadela\/tramo-2-del-castillo-a-la-puerta-de-santiago\/la-muralla-junto-a-la-huerta-del-duque\/\">Seguir leyendo<\/a><\/p>\n","protected":false},"author":4,"featured_media":0,"parent":422,"menu_order":2,"comment_status":"closed","ping_status":"closed","template":"","meta":{"ngg_post_thumbnail":0,"footnotes":""},"class_list":["post-438","page","type-page","status-publish","hentry","nodate","item-wrap"],"_links":{"self":[{"href":"https:\/\/www.cuellar.es\/murallasdecuellar\/wp-json\/wp\/v2\/pages\/438","targetHints":{"allow":["GET"]}}],"collection":[{"href":"https:\/\/www.cuellar.es\/murallasdecuellar\/wp-json\/wp\/v2\/pages"}],"about":[{"href":"https:\/\/www.cuellar.es\/murallasdecuellar\/wp-json\/wp\/v2\/types\/page"}],"author":[{"embeddable":true,"href":"https:\/\/www.cuellar.es\/murallasdecuellar\/wp-json\/wp\/v2\/users\/4"}],"replies":[{"embeddable":true,"href":"https:\/\/www.cuellar.es\/murallasdecuellar\/wp-json\/wp\/v2\/comments?post=438"}],"version-history":[{"count":2,"href":"https:\/\/www.cuellar.es\/murallasdecuellar\/wp-json\/wp\/v2\/pages\/438\/revisions"}],"predecessor-version":[{"id":440,"href":"https:\/\/www.cuellar.es\/murallasdecuellar\/wp-json\/wp\/v2\/pages\/438\/revisions\/440"}],"up":[{"embeddable":true,"href":"https:\/\/www.cuellar.es\/murallasdecuellar\/wp-json\/wp\/v2\/pages\/422"}],"wp:attachment":[{"href":"https:\/\/www.cuellar.es\/murallasdecuellar\/wp-json\/wp\/v2\/media?parent=438"}],"curies":[{"name":"wp","href":"https:\/\/api.w.org\/{rel}","templated":true}]}}

<p>El largo tramo de muralla que va paralelo a la Huerta del Duque desde el castillo a la puerta del las Cuevas impresiona por su gran tamaño sobre la plataforma de la explanada del Castillo y en el límite de la pendiente hacia el Sur en dirección a la zona más baja de la Huerta del Duque.</p>
<p>Recorrer este tramo de  la muralla se puede hacer tanto por su paseo de ronda como en su base paseando a nivel del suelo por el exterior de la muralla junto a la Huerta del Duque.</p>

<p>El largo tramo de muralla que va paralelo a la Huerta del Duque desde el castillo a la puerta del las Cuevas impresiona por su gran tamaño sobre la plataforma de la explanada del Castillo y en el límite de la pendiente hacia el Sur en dirección a la zona más baja de la Huerta &hellip; </p>
<p><a class="more-link btn" href="https://www.cuellar.es/murallasdecuellar/las-murallas-de-cuellar/descripcion-de-las-murallas/las-murallas-de-la-ciudadela/tramo-2-del-castillo-a-la-puerta-de-santiago/la-muralla-junto-a-la-huerta-del-duque/">Seguir leyendo</a></p>
