{"id":435,"date":"2012-02-04T20:27:59","date_gmt":"2012-02-04T20:27:59","guid":{"rendered":"https:\/\/www.cuellar.es\/murallasdecuellar\/?page_id=435"},"modified":"2012-02-04T20:27:59","modified_gmt":"2012-02-04T20:27:59","slug":"torre-del-homenaje","status":"publish","type":"page","link":"https:\/\/www.cuellar.es\/murallasdecuellar\/las-murallas-de-cuellar\/descripcion-de-las-murallas\/las-murallas-de-la-ciudadela\/tramo-2-del-castillo-a-la-puerta-de-santiago\/el-castillo\/torre-del-homenaje\/","title":{"rendered":"Torre del Homenaje"},"content":{"rendered":"<p>Mandada construir de buena siller\u00eda sobre una planta circular por D. \u00c1lvaro de Luna<strong> <\/strong>destaca del conjunto por su altura y forma circular. Cuenta con dos salas de b\u00f3vedas nervadas: la primera en la planta baja destinada a Oficina de Turismo y la de la planta superior\u00a0 que es el Archivo Hist\u00f3rico de la Casa Ducal de Alburquerque.<\/p>\n","protected":false},"excerpt":{"rendered":"<p>Mandada construir de buena siller\u00eda sobre una planta circular por D. \u00c1lvaro de Luna destaca del conjunto por su altura y forma circular. Cuenta con dos salas de b\u00f3vedas nervadas: la primera en la planta baja destinada a Oficina de Turismo y la de la planta superior\u00a0 que es el Archivo Hist\u00f3rico de la Casa &hellip; <\/p>\n<p><a class=\"more-link btn\" href=\"https:\/\/www.cuellar.es\/murallasdecuellar\/las-murallas-de-cuellar\/descripcion-de-las-murallas\/las-murallas-de-la-ciudadela\/tramo-2-del-castillo-a-la-puerta-de-santiago\/el-castillo\/torre-del-homenaje\/\">Seguir leyendo<\/a><\/p>\n","protected":false},"author":4,"featured_media":0,"parent":425,"menu_order":5,"comment_status":"closed","ping_status":"closed","template":"","meta":{"ngg_post_thumbnail":0,"footnotes":""},"class_list":["post-435","page","type-page","status-publish","hentry","nodate","item-wrap"],"_links":{"self":[{"href":"https:\/\/www.cuellar.es\/murallasdecuellar\/wp-json\/wp\/v2\/pages\/435","targetHints":{"allow":["GET"]}}],"collection":[{"href":"https:\/\/www.cuellar.es\/murallasdecuellar\/wp-json\/wp\/v2\/pages"}],"about":[{"href":"https:\/\/www.cuellar.es\/murallasdecuellar\/wp-json\/wp\/v2\/types\/page"}],"author":[{"embeddable":true,"href":"https:\/\/www.cuellar.es\/murallasdecuellar\/wp-json\/wp\/v2\/users\/4"}],"replies":[{"embeddable":true,"href":"https:\/\/www.cuellar.es\/murallasdecuellar\/wp-json\/wp\/v2\/comments?post=435"}],"version-history":[{"count":2,"href":"https:\/\/www.cuellar.es\/murallasdecuellar\/wp-json\/wp\/v2\/pages\/435\/revisions"}],"predecessor-version":[{"id":437,"href":"https:\/\/www.cuellar.es\/murallasdecuellar\/wp-json\/wp\/v2\/pages\/435\/revisions\/437"}],"up":[{"embeddable":true,"href":"https:\/\/www.cuellar.es\/murallasdecuellar\/wp-json\/wp\/v2\/pages\/425"}],"wp:attachment":[{"href":"https:\/\/www.cuellar.es\/murallasdecuellar\/wp-json\/wp\/v2\/media?parent=435"}],"curies":[{"name":"wp","href":"https:\/\/api.w.org\/{rel}","templated":true}]}}

<p>Mandada construir de buena sillería sobre una planta circular por D. Álvaro de Luna<strong> </strong>destaca del conjunto por su altura y forma circular. Cuenta con dos salas de bóvedas nervadas: la primera en la planta baja destinada a Oficina de Turismo y la de la planta superior  que es el Archivo Histórico de la Casa Ducal de Alburquerque.</p>

<p>Mandada construir de buena sillería sobre una planta circular por D. Álvaro de Luna destaca del conjunto por su altura y forma circular. Cuenta con dos salas de bóvedas nervadas: la primera en la planta baja destinada a Oficina de Turismo y la de la planta superior  que es el Archivo Histórico de la Casa &hellip; </p>
<p><a class="more-link btn" href="https://www.cuellar.es/murallasdecuellar/las-murallas-de-cuellar/descripcion-de-las-murallas/las-murallas-de-la-ciudadela/tramo-2-del-castillo-a-la-puerta-de-santiago/el-castillo/torre-del-homenaje/">Seguir leyendo</a></p>
