{"id":429,"date":"2012-02-04T20:25:24","date_gmt":"2012-02-04T20:25:24","guid":{"rendered":"https:\/\/www.cuellar.es\/murallasdecuellar\/?page_id=429"},"modified":"2012-02-04T20:25:24","modified_gmt":"2012-02-04T20:25:24","slug":"la-barbacana","status":"publish","type":"page","link":"https:\/\/www.cuellar.es\/murallasdecuellar\/las-murallas-de-cuellar\/descripcion-de-las-murallas\/las-murallas-de-la-ciudadela\/tramo-2-del-castillo-a-la-puerta-de-santiago\/el-castillo\/la-barbacana\/","title":{"rendered":"La barbacana"},"content":{"rendered":"<p>Es la muralla de menor tama\u00f1o que se extiende en paralelo al muro Este del castillo uniendo las dos puertas de acceso de esta imponente fortaleza. Completan la barbacana cinco peque\u00f1os torreones semicirculares que albergan en su interior las c\u00e1maras de tiro con sus respectivas troneras que colocadas en dos alturas encontramos m\u00e1s de 50 a lo largo de toda la contramuralla. Tambi\u00e9n se conserva una poterna o peque\u00f1a puerta que facilitaba la salida al foso.<\/p>\n","protected":false},"excerpt":{"rendered":"<p>Es la muralla de menor tama\u00f1o que se extiende en paralelo al muro Este del castillo uniendo las dos puertas de acceso de esta imponente fortaleza. Completan la barbacana cinco peque\u00f1os torreones semicirculares que albergan en su interior las c\u00e1maras de tiro con sus respectivas troneras que colocadas en dos alturas encontramos m\u00e1s de 50 &hellip; <\/p>\n<p><a class=\"more-link btn\" href=\"https:\/\/www.cuellar.es\/murallasdecuellar\/las-murallas-de-cuellar\/descripcion-de-las-murallas\/las-murallas-de-la-ciudadela\/tramo-2-del-castillo-a-la-puerta-de-santiago\/el-castillo\/la-barbacana\/\">Seguir leyendo<\/a><\/p>\n","protected":false},"author":4,"featured_media":0,"parent":425,"menu_order":2,"comment_status":"closed","ping_status":"closed","template":"","meta":{"ngg_post_thumbnail":0,"footnotes":""},"class_list":["post-429","page","type-page","status-publish","hentry","nodate","item-wrap"],"_links":{"self":[{"href":"https:\/\/www.cuellar.es\/murallasdecuellar\/wp-json\/wp\/v2\/pages\/429","targetHints":{"allow":["GET"]}}],"collection":[{"href":"https:\/\/www.cuellar.es\/murallasdecuellar\/wp-json\/wp\/v2\/pages"}],"about":[{"href":"https:\/\/www.cuellar.es\/murallasdecuellar\/wp-json\/wp\/v2\/types\/page"}],"author":[{"embeddable":true,"href":"https:\/\/www.cuellar.es\/murallasdecuellar\/wp-json\/wp\/v2\/users\/4"}],"replies":[{"embeddable":true,"href":"https:\/\/www.cuellar.es\/murallasdecuellar\/wp-json\/wp\/v2\/comments?post=429"}],"version-history":[{"count":1,"href":"https:\/\/www.cuellar.es\/murallasdecuellar\/wp-json\/wp\/v2\/pages\/429\/revisions"}],"predecessor-version":[{"id":430,"href":"https:\/\/www.cuellar.es\/murallasdecuellar\/wp-json\/wp\/v2\/pages\/429\/revisions\/430"}],"up":[{"embeddable":true,"href":"https:\/\/www.cuellar.es\/murallasdecuellar\/wp-json\/wp\/v2\/pages\/425"}],"wp:attachment":[{"href":"https:\/\/www.cuellar.es\/murallasdecuellar\/wp-json\/wp\/v2\/media?parent=429"}],"curies":[{"name":"wp","href":"https:\/\/api.w.org\/{rel}","templated":true}]}}

<p>Es la muralla de menor tamaño que se extiende en paralelo al muro Este del castillo uniendo las dos puertas de acceso de esta imponente fortaleza. Completan la barbacana cinco pequeños torreones semicirculares que albergan en su interior las cámaras de tiro con sus respectivas troneras que colocadas en dos alturas encontramos más de 50 a lo largo de toda la contramuralla. También se conserva una poterna o pequeña puerta que facilitaba la salida al foso.</p>

<p>Es la muralla de menor tamaño que se extiende en paralelo al muro Este del castillo uniendo las dos puertas de acceso de esta imponente fortaleza. Completan la barbacana cinco pequeños torreones semicirculares que albergan en su interior las cámaras de tiro con sus respectivas troneras que colocadas en dos alturas encontramos más de 50 &hellip; </p>
<p><a class="more-link btn" href="https://www.cuellar.es/murallasdecuellar/las-murallas-de-cuellar/descripcion-de-las-murallas/las-murallas-de-la-ciudadela/tramo-2-del-castillo-a-la-puerta-de-santiago/el-castillo/la-barbacana/">Seguir leyendo</a></p>
