{"id":405,"date":"2012-02-04T19:48:28","date_gmt":"2012-02-04T19:48:28","guid":{"rendered":"https:\/\/www.cuellar.es\/murallasdecuellar\/?page_id=405"},"modified":"2012-02-04T19:48:28","modified_gmt":"2012-02-04T19:48:28","slug":"la-puerta-desde-el-exterior-de-la-ciudadela","status":"publish","type":"page","link":"https:\/\/www.cuellar.es\/murallasdecuellar\/las-murallas-de-cuellar\/descripcion-de-las-murallas\/las-murallas-de-la-ciudadela\/tramo-1-de-la-puerta-de-san-basilio-al-castillo-de-alburquerque\/puerta-de-san-basilio\/pinceladas-arquitectonicas\/la-puerta-desde-el-exterior-de-la-ciudadela\/","title":{"rendered":"La puerta desde el exterior de la ciudadela"},"content":{"rendered":"<p>La construcci\u00f3n de las dos torres que defienden la puerta se hizo mediante una base maciza de mamposter\u00eda que se remataba con un acabado exterior de siller\u00eda que llega hasta cuatro metros de altura. Sobrepuesto a la base de siller\u00eda continuaron los muros de mamposter\u00eda ordinaria en la que entre los 115 y 125 cm llevan una verdugada de ladrillo.<\/p>\n<p>A pesar de que las torres eran macizas, junto a la torre cuadrangular, en el tramo recto entre el primer arco de la puerta y la torre, aparece tapiada una peque\u00f1a ventana con forma de aspillera rectangular que posiblemente iluminase la subida de la escalera interior.<\/p>\n<p>En cuanto a la altura de la puerta consideramos debi\u00f3 tener un mayor volumen dado que las torres que la defienden tienen m\u00e1s altura que la parte central, as\u00ed al menos la puerta deber\u00eda tener las mismas medidas\u00a0 que dichas torres<\/p>\n<p><em>Los arcos de la puerta<\/em>. Adem\u00e1s de lo comentado al principio de este apartado en los de la puerta de san Basilio vemos que ha sufrido bastantes reformas que impiden conocerles en su forma original. As\u00ed, si vemos la puerta desde el exterior entre el primer y segundo arcos est\u00e1 el hueco del rastrillo que teniendo 480 cm de longitud por\u00a0 75 cm de anchura nos demuestra que se trataba de un potente rastrillo, similar al exterior de la puerta sureste del castillo. Otro detalle ser\u00edan los quiciales de piedra que se conserva en la parte superior del segundo arco que nos llevar\u00edan a unas puertas de dos hojas de 240 cm de altura por 190 cm de achura, con un grosor aproximado de unos 15 cm cada una.<\/p>\n<p>Un detalle a destacar en el segundo arco de la puerta de San Basilio es que se observan dos l\u00edneas de dovelas superpuestas, por lo que es muy posible que el arco original fuese un arco de herradura que se completaba con la moldura de la l\u00ednea de impostas que desaparecer\u00eda en reparaciones anteriores.<\/p>\n","protected":false},"excerpt":{"rendered":"<p>La construcci\u00f3n de las dos torres que defienden la puerta se hizo mediante una base maciza de mamposter\u00eda que se remataba con un acabado exterior de siller\u00eda que llega hasta cuatro metros de altura. Sobrepuesto a la base de siller\u00eda continuaron los muros de mamposter\u00eda ordinaria en la que entre los 115 y 125 cm &hellip; <\/p>\n<p><a class=\"more-link btn\" href=\"https:\/\/www.cuellar.es\/murallasdecuellar\/las-murallas-de-cuellar\/descripcion-de-las-murallas\/las-murallas-de-la-ciudadela\/tramo-1-de-la-puerta-de-san-basilio-al-castillo-de-alburquerque\/puerta-de-san-basilio\/pinceladas-arquitectonicas\/la-puerta-desde-el-exterior-de-la-ciudadela\/\">Seguir leyendo<\/a><\/p>\n","protected":false},"author":4,"featured_media":0,"parent":396,"menu_order":3,"comment_status":"closed","ping_status":"closed","template":"","meta":{"ngg_post_thumbnail":0,"footnotes":""},"class_list":["post-405","page","type-page","status-publish","hentry","nodate","item-wrap"],"_links":{"self":[{"href":"https:\/\/www.cuellar.es\/murallasdecuellar\/wp-json\/wp\/v2\/pages\/405","targetHints":{"allow":["GET"]}}],"collection":[{"href":"https:\/\/www.cuellar.es\/murallasdecuellar\/wp-json\/wp\/v2\/pages"}],"about":[{"href":"https:\/\/www.cuellar.es\/murallasdecuellar\/wp-json\/wp\/v2\/types\/page"}],"author":[{"embeddable":true,"href":"https:\/\/www.cuellar.es\/murallasdecuellar\/wp-json\/wp\/v2\/users\/4"}],"replies":[{"embeddable":true,"href":"https:\/\/www.cuellar.es\/murallasdecuellar\/wp-json\/wp\/v2\/comments?post=405"}],"version-history":[{"count":2,"href":"https:\/\/www.cuellar.es\/murallasdecuellar\/wp-json\/wp\/v2\/pages\/405\/revisions"}],"predecessor-version":[{"id":407,"href":"https:\/\/www.cuellar.es\/murallasdecuellar\/wp-json\/wp\/v2\/pages\/405\/revisions\/407"}],"up":[{"embeddable":true,"href":"https:\/\/www.cuellar.es\/murallasdecuellar\/wp-json\/wp\/v2\/pages\/396"}],"wp:attachment":[{"href":"https:\/\/www.cuellar.es\/murallasdecuellar\/wp-json\/wp\/v2\/media?parent=405"}],"curies":[{"name":"wp","href":"https:\/\/api.w.org\/{rel}","templated":true}]}}

<p>La construcción de las dos torres que defienden la puerta se hizo mediante una base maciza de mampostería que se remataba con un acabado exterior de sillería que llega hasta cuatro metros de altura. Sobrepuesto a la base de sillería continuaron los muros de mampostería ordinaria en la que entre los 115 y 125 cm llevan una verdugada de ladrillo.</p>
<p>A pesar de que las torres eran macizas, junto a la torre cuadrangular, en el tramo recto entre el primer arco de la puerta y la torre, aparece tapiada una pequeña ventana con forma de aspillera rectangular que posiblemente iluminase la subida de la escalera interior.</p>
<p>En cuanto a la altura de la puerta consideramos debió tener un mayor volumen dado que las torres que la defienden tienen más altura que la parte central, así al menos la puerta debería tener las mismas medidas  que dichas torres</p>
<p><em>Los arcos de la puerta</em>. Además de lo comentado al principio de este apartado en los de la puerta de san Basilio vemos que ha sufrido bastantes reformas que impiden conocerles en su forma original. Así, si vemos la puerta desde el exterior entre el primer y segundo arcos está el hueco del rastrillo que teniendo 480 cm de longitud por  75 cm de anchura nos demuestra que se trataba de un potente rastrillo, similar al exterior de la puerta sureste del castillo. Otro detalle serían los quiciales de piedra que se conserva en la parte superior del segundo arco que nos llevarían a unas puertas de dos hojas de 240 cm de altura por 190 cm de achura, con un grosor aproximado de unos 15 cm cada una.</p>
<p>Un detalle a destacar en el segundo arco de la puerta de San Basilio es que se observan dos líneas de dovelas superpuestas, por lo que es muy posible que el arco original fuese un arco de herradura que se completaba con la moldura de la línea de impostas que desaparecería en reparaciones anteriores.</p>

<p>La construcción de las dos torres que defienden la puerta se hizo mediante una base maciza de mampostería que se remataba con un acabado exterior de sillería que llega hasta cuatro metros de altura. Sobrepuesto a la base de sillería continuaron los muros de mampostería ordinaria en la que entre los 115 y 125 cm &hellip; </p>
<p><a class="more-link btn" href="https://www.cuellar.es/murallasdecuellar/las-murallas-de-cuellar/descripcion-de-las-murallas/las-murallas-de-la-ciudadela/tramo-1-de-la-puerta-de-san-basilio-al-castillo-de-alburquerque/puerta-de-san-basilio/pinceladas-arquitectonicas/la-puerta-desde-el-exterior-de-la-ciudadela/">Seguir leyendo</a></p>
