{"id":399,"date":"2012-02-04T19:41:29","date_gmt":"2012-02-04T19:41:29","guid":{"rendered":"https:\/\/www.cuellar.es\/murallasdecuellar\/?page_id=399"},"modified":"2012-03-07T22:45:41","modified_gmt":"2012-03-07T22:45:41","slug":"semejanzas-con-la-puerta-sureste-del-castillo","status":"publish","type":"page","link":"https:\/\/www.cuellar.es\/murallasdecuellar\/las-murallas-de-cuellar\/descripcion-de-las-murallas\/las-murallas-de-la-ciudadela\/tramo-1-de-la-puerta-de-san-basilio-al-castillo-de-alburquerque\/puerta-de-san-basilio\/pinceladas-arquitectonicas\/semejanzas-con-la-puerta-sureste-del-castillo\/","title":{"rendered":"Semejanzas con la puerta sureste del castillo"},"content":{"rendered":"<p>A pesar de que con la llegada del primer duque de Alburquerque a Cu\u00e9llar se modific\u00f3 en gran parte de la puerta del lado sureste del castillo cubriendo y recreciendo su volumen con una importante cantidad de sillares de piedra caliza, se conservan a la vista\u00a0 muchos restos de la arquitectura mud\u00e9jar anterior: arcos, torres, rastrillo o pasadizos de acceso al <a href=\"https:\/\/www.cuellar.es\/murallasdecuellar\/adarve\/\">adarve<\/a>. Por este motivo se deben conocer las semejanzas con la puerta de San Basilio, que son muchas.<\/p>\n<ul>\n<li><span style=\"text-decoration: underline;\">Torres exteriores<\/span>. Si observamos la puerta desde el exterior vemos que la torre rectangular del lado Este (5,2 metros por 2,6 metros de planta) tiene una base de siller\u00eda que llega hasta la l\u00ednea de impostas 4 metros de altura, y a partir de esa altura aparece el muro de mamposter\u00eda con hiladas de un solo ladrillo cada 110 cm. En cuanto al torre\u00f3n del lado Este, las modificaciones y ampliaciones realizadas por el duque de Alburquerque solamente \u00a0dejan ver en el exterior restos de la arquitectura mud\u00e9jar el pa\u00f1o interior, donde se aprecian las verdugadas de ladrillo alternado con el muro de mamposter\u00eda. Todas estas medidas y caracter\u00edsticas edilicias coinciden con las de la puerta de San Basilio.<\/li>\n<li><span style=\"text-decoration: underline;\">Arcos de la puerta<\/span> <span style=\"text-decoration: underline;\">y rastrillo<\/span> (Descripci\u00f3n desde el exterior al interior de la puerta).<br \/>\n<em>Primer arco<\/em>. Mirando la puerta desde el exterior de la liza tenemos un primer arco que aunque en la actualidad parece una parte m\u00e1s de la puerta mud\u00e9jar no exist\u00eda cuando la puerta se levant\u00f3 en el siglo XII, ni tampoco con los primeros duques de Alburquerque, ya que se construy\u00f3 cuando la puerta perdi\u00f3 su funci\u00f3n defensiva y se convirti\u00f3 en la cabecera de una capilla que se mand\u00f3 construir en el siglo XVII.<br \/>\n<em>Segundo arco<\/em>. Coincidiendo con el final de las dos torres exteriores y el principio de la puerta \u2013lo que fue el primer arco mud\u00e9jar- encontramos un arco de tres roscas recuadrado con un alfiz; apareciendo pintadas la segunda y la tercera roscas imitando ladrillos con su mortero de cal. Bajo el arco doblado de ladrillo colocaron un arco con dovelas de piedra caliza que en parte tambi\u00e9n las enyesaron y pintaron imitando en este caso forma de sillares. En este caso tambi\u00e9n este arco seria como el primer arco que vemos desde el exterior de la puerta de San Basilio.<br \/>\n<em>Rastrillos<\/em>. Dos rastrillos o peines refuerzan la seguridad de esta puerta. Entrando a la puerta desde el exterior, el primer rastrillo se encontrar\u00eda entre el segundo y tercer arco que estar\u00eda en un espacio hueco que vemos si miramos hacia arriba. No sabemos como\u00a0 era, pero consistir\u00eda en una reja met\u00e1lica o de madera que se dejaba caer desde la planta superior para proteger la puerta. En la puerta de san Basilio aparece el mismo hueco entre el primer y segundo arco.<br \/>\nEl segundo rastrillo se encontrar\u00eda entre una pareja de arcos, el cuarto y el quinto, que solamente dejan\u00a0 un espacio de 18 cm. lo que nos hace suponer que en este caso se tratar\u00eda de una reja de hierro.<br \/>\n<em>Tercer arco. <\/em>De menor tama\u00f1o que los anteriores, conserva en parte -ya que uno de los lados est\u00e1 picada la forma original- su forma original de arco de herradura ligeramente apuntado o t\u00famido realizado con dovelas de piedra y enmarcado por un alfiz de ladrillos. Sobre el alfiz tres peque\u00f1as ventanas, dos cegadas y una con un peque\u00f1o vano rectangular abocinado que servir\u00eda para vigilar la puerta y el rastrillo.<br \/>\nEn este caso tambi\u00e9n tenemos semejanzas con el segundo arco de la puerta de San Basilio en su arco de piedra y el alfiz de ladrillos, aunque en \u00e9sta no se aprecia que se trate de un arco de herradura, pero esto seguramente se deba a las reformas que \u00e9ste ha tenido; ya que se aprecia que sobre las dovelas externas hay otras anteriores que ser\u00edan las originales, y la falta la moldura en saledizo que marca la l\u00ednea de impostas del arco demuestra que se intervino en reparaciones donde no se cuid\u00f3 el estilo anterior.<br \/>\n<em>Cuarto y quinto arcos<\/em>. En la zona central de la puerta, bajo la b\u00f3veda de ca\u00f1\u00f3n en la que podemos ver las huellas de los tablones de su encofrado restaurados y un hueco con el piso superior que serv\u00eda de vig\u00eda, hay una pareja de arcos muy juntos de f\u00e1brica de siller\u00eda hasta la l\u00ednea de impostas y de ladrillos los arcos y el alfiz que los enmarca.<br \/>\n<em>Sexto arco.<\/em> Este arco desde el interior de la liza corresponde con el pa\u00f1o exterior del torre\u00f3n, est\u00e1 bastante restaurado, aunque se aprecia su f\u00e1brica de siller\u00eda de piedra caliza hasta la l\u00ednea de impostas y el resto de ladrillos.<\/li>\n<li><span style=\"text-decoration: underline;\">Pasadizos de subida a las dependencias de la puerta.<\/span> Como en la puerta de San Basilio, la subida a los espacios superiores se pod\u00eda realizar mediante dos estrechos pasadizos que con b\u00f3vedas de medio ca\u00f1\u00f3n donde se conservan peque\u00f1os arcos de ladrillo mud\u00e9jares y huellas de los tablones del encofrado y se encontraban en cada una de las dos torres que guardaban la puerta.<\/li>\n<\/ul>\n","protected":false},"excerpt":{"rendered":"<p>A pesar de que con la llegada del primer duque de Alburquerque a Cu\u00e9llar se modific\u00f3 en gran parte de la puerta del lado sureste del castillo cubriendo y recreciendo su volumen con una importante cantidad de sillares de piedra caliza, se conservan a la vista\u00a0 muchos restos de la arquitectura mud\u00e9jar anterior: arcos, torres, &hellip; <\/p>\n<p><a class=\"more-link btn\" href=\"https:\/\/www.cuellar.es\/murallasdecuellar\/las-murallas-de-cuellar\/descripcion-de-las-murallas\/las-murallas-de-la-ciudadela\/tramo-1-de-la-puerta-de-san-basilio-al-castillo-de-alburquerque\/puerta-de-san-basilio\/pinceladas-arquitectonicas\/semejanzas-con-la-puerta-sureste-del-castillo\/\">Seguir leyendo<\/a><\/p>\n","protected":false},"author":4,"featured_media":0,"parent":396,"menu_order":1,"comment_status":"closed","ping_status":"closed","template":"","meta":{"ngg_post_thumbnail":0,"footnotes":""},"class_list":["post-399","page","type-page","status-publish","hentry","nodate","item-wrap"],"_links":{"self":[{"href":"https:\/\/www.cuellar.es\/murallasdecuellar\/wp-json\/wp\/v2\/pages\/399","targetHints":{"allow":["GET"]}}],"collection":[{"href":"https:\/\/www.cuellar.es\/murallasdecuellar\/wp-json\/wp\/v2\/pages"}],"about":[{"href":"https:\/\/www.cuellar.es\/murallasdecuellar\/wp-json\/wp\/v2\/types\/page"}],"author":[{"embeddable":true,"href":"https:\/\/www.cuellar.es\/murallasdecuellar\/wp-json\/wp\/v2\/users\/4"}],"replies":[{"embeddable":true,"href":"https:\/\/www.cuellar.es\/murallasdecuellar\/wp-json\/wp\/v2\/comments?post=399"}],"version-history":[{"count":4,"href":"https:\/\/www.cuellar.es\/murallasdecuellar\/wp-json\/wp\/v2\/pages\/399\/revisions"}],"predecessor-version":[{"id":402,"href":"https:\/\/www.cuellar.es\/murallasdecuellar\/wp-json\/wp\/v2\/pages\/399\/revisions\/402"}],"up":[{"embeddable":true,"href":"https:\/\/www.cuellar.es\/murallasdecuellar\/wp-json\/wp\/v2\/pages\/396"}],"wp:attachment":[{"href":"https:\/\/www.cuellar.es\/murallasdecuellar\/wp-json\/wp\/v2\/media?parent=399"}],"curies":[{"name":"wp","href":"https:\/\/api.w.org\/{rel}","templated":true}]}}

<p>A pesar de que con la llegada del primer duque de Alburquerque a Cuéllar se modificó en gran parte de la puerta del lado sureste del castillo cubriendo y recreciendo su volumen con una importante cantidad de sillares de piedra caliza, se conservan a la vista  muchos restos de la arquitectura mudéjar anterior: arcos, torres, rastrillo o pasadizos de acceso al <a href="https://www.cuellar.es/murallasdecuellar/adarve/">adarve</a>. Por este motivo se deben conocer las semejanzas con la puerta de San Basilio, que son muchas.</p>
<ul>
<li><span style="text-decoration: underline;">Torres exteriores</span>. Si observamos la puerta desde el exterior vemos que la torre rectangular del lado Este (5,2 metros por 2,6 metros de planta) tiene una base de sillería que llega hasta la línea de impostas 4 metros de altura, y a partir de esa altura aparece el muro de mampostería con hiladas de un solo ladrillo cada 110 cm. En cuanto al torreón del lado Este, las modificaciones y ampliaciones realizadas por el duque de Alburquerque solamente  dejan ver en el exterior restos de la arquitectura mudéjar el paño interior, donde se aprecian las verdugadas de ladrillo alternado con el muro de mampostería. Todas estas medidas y características edilicias coinciden con las de la puerta de San Basilio.</li>
<li><span style="text-decoration: underline;">Arcos de la puerta</span> <span style="text-decoration: underline;">y rastrillo</span> (Descripción desde el exterior al interior de la puerta).<br />
<em>Primer arco</em>. Mirando la puerta desde el exterior de la liza tenemos un primer arco que aunque en la actualidad parece una parte más de la puerta mudéjar no existía cuando la puerta se levantó en el siglo XII, ni tampoco con los primeros duques de Alburquerque, ya que se construyó cuando la puerta perdió su función defensiva y se convirtió en la cabecera de una capilla que se mandó construir en el siglo XVII.<br />
<em>Segundo arco</em>. Coincidiendo con el final de las dos torres exteriores y el principio de la puerta –lo que fue el primer arco mudéjar- encontramos un arco de tres roscas recuadrado con un alfiz; apareciendo pintadas la segunda y la tercera roscas imitando ladrillos con su mortero de cal. Bajo el arco doblado de ladrillo colocaron un arco con dovelas de piedra caliza que en parte también las enyesaron y pintaron imitando en este caso forma de sillares. En este caso también este arco seria como el primer arco que vemos desde el exterior de la puerta de San Basilio.<br />
<em>Rastrillos</em>. Dos rastrillos o peines refuerzan la seguridad de esta puerta. Entrando a la puerta desde el exterior, el primer rastrillo se encontraría entre el segundo y tercer arco que estaría en un espacio hueco que vemos si miramos hacia arriba. No sabemos como  era, pero consistiría en una reja metálica o de madera que se dejaba caer desde la planta superior para proteger la puerta. En la puerta de san Basilio aparece el mismo hueco entre el primer y segundo arco.<br />
El segundo rastrillo se encontraría entre una pareja de arcos, el cuarto y el quinto, que solamente dejan  un espacio de 18 cm. lo que nos hace suponer que en este caso se trataría de una reja de hierro.<br />
<em>Tercer arco. </em>De menor tamaño que los anteriores, conserva en parte -ya que uno de los lados está picada la forma original- su forma original de arco de herradura ligeramente apuntado o túmido realizado con dovelas de piedra y enmarcado por un alfiz de ladrillos. Sobre el alfiz tres pequeñas ventanas, dos cegadas y una con un pequeño vano rectangular abocinado que serviría para vigilar la puerta y el rastrillo.<br />
En este caso también tenemos semejanzas con el segundo arco de la puerta de San Basilio en su arco de piedra y el alfiz de ladrillos, aunque en ésta no se aprecia que se trate de un arco de herradura, pero esto seguramente se deba a las reformas que éste ha tenido; ya que se aprecia que sobre las dovelas externas hay otras anteriores que serían las originales, y la falta la moldura en saledizo que marca la línea de impostas del arco demuestra que se intervino en reparaciones donde no se cuidó el estilo anterior.<br />
<em>Cuarto y quinto arcos</em>. En la zona central de la puerta, bajo la bóveda de cañón en la que podemos ver las huellas de los tablones de su encofrado restaurados y un hueco con el piso superior que servía de vigía, hay una pareja de arcos muy juntos de fábrica de sillería hasta la línea de impostas y de ladrillos los arcos y el alfiz que los enmarca.<br />
<em>Sexto arco.</em> Este arco desde el interior de la liza corresponde con el paño exterior del torreón, está bastante restaurado, aunque se aprecia su fábrica de sillería de piedra caliza hasta la línea de impostas y el resto de ladrillos.</li>
<li><span style="text-decoration: underline;">Pasadizos de subida a las dependencias de la puerta.</span> Como en la puerta de San Basilio, la subida a los espacios superiores se podía realizar mediante dos estrechos pasadizos que con bóvedas de medio cañón donde se conservan pequeños arcos de ladrillo mudéjares y huellas de los tablones del encofrado y se encontraban en cada una de las dos torres que guardaban la puerta.</li>
</ul>

<p>A pesar de que con la llegada del primer duque de Alburquerque a Cuéllar se modificó en gran parte de la puerta del lado sureste del castillo cubriendo y recreciendo su volumen con una importante cantidad de sillares de piedra caliza, se conservan a la vista  muchos restos de la arquitectura mudéjar anterior: arcos, torres, &hellip; </p>
<p><a class="more-link btn" href="https://www.cuellar.es/murallasdecuellar/las-murallas-de-cuellar/descripcion-de-las-murallas/las-murallas-de-la-ciudadela/tramo-1-de-la-puerta-de-san-basilio-al-castillo-de-alburquerque/puerta-de-san-basilio/pinceladas-arquitectonicas/semejanzas-con-la-puerta-sureste-del-castillo/">Seguir leyendo</a></p>
