{"id":396,"date":"2012-02-04T19:32:25","date_gmt":"2012-02-04T19:32:25","guid":{"rendered":"https:\/\/www.cuellar.es\/murallasdecuellar\/?page_id=396"},"modified":"2012-02-04T19:32:25","modified_gmt":"2012-02-04T19:32:25","slug":"pinceladas-arquitectonicas","status":"publish","type":"page","link":"https:\/\/www.cuellar.es\/murallasdecuellar\/las-murallas-de-cuellar\/descripcion-de-las-murallas\/las-murallas-de-la-ciudadela\/tramo-1-de-la-puerta-de-san-basilio-al-castillo-de-alburquerque\/puerta-de-san-basilio\/pinceladas-arquitectonicas\/","title":{"rendered":"Pinceladas arquitect\u00f3nicas"},"content":{"rendered":"<p>Un conjunto defensivo tan importante como es la puerta de San Basilio se compone de una serie de elementos arquitect\u00f3nicos que le definen como una gran obra arquitect\u00f3nica singular. Por ello en este apartado se analizan algunos detalles que servir\u00e1n para conocer mejor esta interesante puerta mud\u00e9jar.<\/p>\n","protected":false},"excerpt":{"rendered":"<p>Un conjunto defensivo tan importante como es la puerta de San Basilio se compone de una serie de elementos arquitect\u00f3nicos que le definen como una gran obra arquitect\u00f3nica singular. Por ello en este apartado se analizan algunos detalles que servir\u00e1n para conocer mejor esta interesante puerta mud\u00e9jar.<\/p>\n","protected":false},"author":4,"featured_media":0,"parent":389,"menu_order":1,"comment_status":"closed","ping_status":"closed","template":"","meta":{"ngg_post_thumbnail":0,"footnotes":""},"class_list":["post-396","page","type-page","status-publish","hentry","nodate","item-wrap"],"_links":{"self":[{"href":"https:\/\/www.cuellar.es\/murallasdecuellar\/wp-json\/wp\/v2\/pages\/396","targetHints":{"allow":["GET"]}}],"collection":[{"href":"https:\/\/www.cuellar.es\/murallasdecuellar\/wp-json\/wp\/v2\/pages"}],"about":[{"href":"https:\/\/www.cuellar.es\/murallasdecuellar\/wp-json\/wp\/v2\/types\/page"}],"author":[{"embeddable":true,"href":"https:\/\/www.cuellar.es\/murallasdecuellar\/wp-json\/wp\/v2\/users\/4"}],"replies":[{"embeddable":true,"href":"https:\/\/www.cuellar.es\/murallasdecuellar\/wp-json\/wp\/v2\/comments?post=396"}],"version-history":[{"count":2,"href":"https:\/\/www.cuellar.es\/murallasdecuellar\/wp-json\/wp\/v2\/pages\/396\/revisions"}],"predecessor-version":[{"id":398,"href":"https:\/\/www.cuellar.es\/murallasdecuellar\/wp-json\/wp\/v2\/pages\/396\/revisions\/398"}],"up":[{"embeddable":true,"href":"https:\/\/www.cuellar.es\/murallasdecuellar\/wp-json\/wp\/v2\/pages\/389"}],"wp:attachment":[{"href":"https:\/\/www.cuellar.es\/murallasdecuellar\/wp-json\/wp\/v2\/media?parent=396"}],"curies":[{"name":"wp","href":"https:\/\/api.w.org\/{rel}","templated":true}]}}

Pinceladas arquitectónicas

<p>Un conjunto defensivo tan importante como es la puerta de San Basilio se compone de una serie de elementos arquitectónicos que le definen como una gran obra arquitectónica singular. Por ello en este apartado se analizan algunos detalles que servirán para conocer mejor esta interesante puerta mudéjar.</p>
