{"id":389,"date":"2012-02-04T19:19:56","date_gmt":"2012-02-04T19:19:56","guid":{"rendered":"https:\/\/www.cuellar.es\/murallasdecuellar\/?page_id=389"},"modified":"2012-03-07T22:47:05","modified_gmt":"2012-03-07T22:47:05","slug":"puerta-de-san-basilio","status":"publish","type":"page","link":"https:\/\/www.cuellar.es\/murallasdecuellar\/las-murallas-de-cuellar\/descripcion-de-las-murallas\/las-murallas-de-la-ciudadela\/tramo-1-de-la-puerta-de-san-basilio-al-castillo-de-alburquerque\/puerta-de-san-basilio\/","title":{"rendered":"Puerta de San Basilio"},"content":{"rendered":"<p>Del total de las 12 puertas que ten\u00edan las murallas, seis de ellas se encuentran en la ciudadela, y de todas ellas la puerta de San Basilio es la \u00fanica que se conserva pr\u00e1cticamente completa desde las \u00faltimas modificaciones realizadas por la casa ducal de Alburquerque. Originariamente se llamaba Puerta del Robledo y con la fundaci\u00f3n junto a esta puerta del nuevo convento de San Basilio en el siglo XVII pas\u00f3 a llamarse puerta de San Basilio.<\/p>\n<p>El estilo arquitect\u00f3nico mud\u00e9jar\u00a0 de gran influencia toledana predomina en\u00a0 todo el conjunto defensivo,\u00a0 destacando dos torres reforzando la puerta, las verdugadas de ladrillo entre los pa\u00f1os de mamposter\u00eda de cal y canto, los arcos de ladrillo con ancho mortero de cal y los pasadizos de acceso a los dos niveles de <a href=\"https:\/\/www.cuellar.es\/murallasdecuellar\/adarve\/\">adarve<\/a> que tiene la puerta.<\/p>\n<p>Esta puerta se levant\u00f3 con muros de mamposter\u00eda de cal y canto reforzados en sus paramentos con diferentes acabados, partiendo de un basamento de sillares de piedra caliza que llegan a tener hasta 4 metros de altura, llegando hasta la l\u00ednea de impostas de los arcos de la puerta, para levantarse el resto de los muros en mamposter\u00eda ordinaria intercalada con verdugadas de ladrillos de una sola hilada separadas entre 115 y 125 cm y con esquinas en ladrillo.<\/p>\n<p>La organizaci\u00f3n de este complejo defensivo lo forman dos torres, una rectangular\u00a0 y la otra semicircular, que defienden la puerta en la que aparecen cuatro arcos bajo una b\u00f3veda de medio ca\u00f1\u00f3n, los dos interiores con dovelas de piedra caliza y los dos exteriores de ladrillos. Por el interior de la puerta se accede al paseo de ronda mediante estrechos pasadizos cerrados con b\u00f3veda de ca\u00f1\u00f3n, llegando a los dos niveles del <a href=\"https:\/\/www.cuellar.es\/murallasdecuellar\/adarve\/\">adarve<\/a>.<\/p>\n<p>Entre dos de los arcos exteriores se conserva el hueco del rastrillo que proteg\u00eda la puerta. Coronando la puerta aparecen dos escudos de los duques de Alburquerque con las armas de los Cueva y los Toledo, y sobre la clave del arco mud\u00e9jar el escudo del Concejo de Cu\u00e9llar.<\/p>\n<p>La defensa de la puerta se completa con la torre de planta semicircular que, reforzada con dos peque\u00f1os torreones a modo de contrafuertes, se encuentra a 16 metros al noroeste de la puerta entre la muralla y la barbacana. Esta torre\u00a0 en su base tiene un pasadizo que lo atraviesa y que serv\u00eda para recorrer la liza protegido junto a la puerta de San Basilio sin necesidad de salir fuera de las defensas.<\/p>\n","protected":false},"excerpt":{"rendered":"<p>Del total de las 12 puertas que ten\u00edan las murallas, seis de ellas se encuentran en la ciudadela, y de todas ellas la puerta de San Basilio es la \u00fanica que se conserva pr\u00e1cticamente completa desde las \u00faltimas modificaciones realizadas por la casa ducal de Alburquerque. Originariamente se llamaba Puerta del Robledo y con la &hellip; <\/p>\n<p><a class=\"more-link btn\" href=\"https:\/\/www.cuellar.es\/murallasdecuellar\/las-murallas-de-cuellar\/descripcion-de-las-murallas\/las-murallas-de-la-ciudadela\/tramo-1-de-la-puerta-de-san-basilio-al-castillo-de-alburquerque\/puerta-de-san-basilio\/\">Seguir leyendo<\/a><\/p>\n","protected":false},"author":4,"featured_media":0,"parent":387,"menu_order":1,"comment_status":"closed","ping_status":"closed","template":"","meta":{"ngg_post_thumbnail":0,"footnotes":""},"class_list":["post-389","page","type-page","status-publish","hentry","nodate","item-wrap"],"_links":{"self":[{"href":"https:\/\/www.cuellar.es\/murallasdecuellar\/wp-json\/wp\/v2\/pages\/389","targetHints":{"allow":["GET"]}}],"collection":[{"href":"https:\/\/www.cuellar.es\/murallasdecuellar\/wp-json\/wp\/v2\/pages"}],"about":[{"href":"https:\/\/www.cuellar.es\/murallasdecuellar\/wp-json\/wp\/v2\/types\/page"}],"author":[{"embeddable":true,"href":"https:\/\/www.cuellar.es\/murallasdecuellar\/wp-json\/wp\/v2\/users\/4"}],"replies":[{"embeddable":true,"href":"https:\/\/www.cuellar.es\/murallasdecuellar\/wp-json\/wp\/v2\/comments?post=389"}],"version-history":[{"count":3,"href":"https:\/\/www.cuellar.es\/murallasdecuellar\/wp-json\/wp\/v2\/pages\/389\/revisions"}],"predecessor-version":[{"id":391,"href":"https:\/\/www.cuellar.es\/murallasdecuellar\/wp-json\/wp\/v2\/pages\/389\/revisions\/391"}],"up":[{"embeddable":true,"href":"https:\/\/www.cuellar.es\/murallasdecuellar\/wp-json\/wp\/v2\/pages\/387"}],"wp:attachment":[{"href":"https:\/\/www.cuellar.es\/murallasdecuellar\/wp-json\/wp\/v2\/media?parent=389"}],"curies":[{"name":"wp","href":"https:\/\/api.w.org\/{rel}","templated":true}]}}