{"id":384,"date":"2012-02-04T19:13:37","date_gmt":"2012-02-04T19:13:37","guid":{"rendered":"https:\/\/www.cuellar.es\/murallasdecuellar\/?page_id=384"},"modified":"2012-02-04T19:13:37","modified_gmt":"2012-02-04T19:13:37","slug":"las-murallas-de-la-ciudadela","status":"publish","type":"page","link":"https:\/\/www.cuellar.es\/murallasdecuellar\/las-murallas-de-cuellar\/descripcion-de-las-murallas\/las-murallas-de-la-ciudadela\/","title":{"rendered":"Las Murallas de la Ciudadela"},"content":{"rendered":"<p>El primer recinto amurallado o muralla de la ciudadela se localiza en la parte m\u00e1s alta de la Villa de Cu\u00e9llar y se extiende desde el castillo hacia el Oeste donde destacan importantes puertas (San Basilio y San Mart\u00edn) e iglesias que se utilizaron como baluartes adosados a las murallas (San Esteban y Santiago).<\/p>\n","protected":false},"excerpt":{"rendered":"<p>El primer recinto amurallado o muralla de la ciudadela se localiza en la parte m\u00e1s alta de la Villa de Cu\u00e9llar y se extiende desde el castillo hacia el Oeste donde destacan importantes puertas (San Basilio y San Mart\u00edn) e iglesias que se utilizaron como baluartes adosados a las murallas (San Esteban y Santiago).<\/p>\n","protected":false},"author":4,"featured_media":0,"parent":381,"menu_order":1,"comment_status":"closed","ping_status":"closed","template":"","meta":{"ngg_post_thumbnail":0,"footnotes":""},"class_list":["post-384","page","type-page","status-publish","hentry","nodate","item-wrap"],"_links":{"self":[{"href":"https:\/\/www.cuellar.es\/murallasdecuellar\/wp-json\/wp\/v2\/pages\/384","targetHints":{"allow":["GET"]}}],"collection":[{"href":"https:\/\/www.cuellar.es\/murallasdecuellar\/wp-json\/wp\/v2\/pages"}],"about":[{"href":"https:\/\/www.cuellar.es\/murallasdecuellar\/wp-json\/wp\/v2\/types\/page"}],"author":[{"embeddable":true,"href":"https:\/\/www.cuellar.es\/murallasdecuellar\/wp-json\/wp\/v2\/users\/4"}],"replies":[{"embeddable":true,"href":"https:\/\/www.cuellar.es\/murallasdecuellar\/wp-json\/wp\/v2\/comments?post=384"}],"version-history":[{"count":2,"href":"https:\/\/www.cuellar.es\/murallasdecuellar\/wp-json\/wp\/v2\/pages\/384\/revisions"}],"predecessor-version":[{"id":386,"href":"https:\/\/www.cuellar.es\/murallasdecuellar\/wp-json\/wp\/v2\/pages\/384\/revisions\/386"}],"up":[{"embeddable":true,"href":"https:\/\/www.cuellar.es\/murallasdecuellar\/wp-json\/wp\/v2\/pages\/381"}],"wp:attachment":[{"href":"https:\/\/www.cuellar.es\/murallasdecuellar\/wp-json\/wp\/v2\/media?parent=384"}],"curies":[{"name":"wp","href":"https:\/\/api.w.org\/{rel}","templated":true}]}}

<p>El primer recinto amurallado o muralla de la ciudadela se localiza en la parte más alta de la Villa de Cuéllar y se extiende desde el castillo hacia el Oeste donde destacan importantes puertas (San Basilio y San Martín) e iglesias que se utilizaron como baluartes adosados a las murallas (San Esteban y Santiago).</p>
