{"id":381,"date":"2012-02-04T19:10:09","date_gmt":"2012-02-04T19:10:09","guid":{"rendered":"https:\/\/www.cuellar.es\/murallasdecuellar\/?page_id=381"},"modified":"2012-03-08T19:55:00","modified_gmt":"2012-03-08T19:55:00","slug":"descripcion-de-las-murallas","status":"publish","type":"page","link":"https:\/\/www.cuellar.es\/murallasdecuellar\/las-murallas-de-cuellar\/descripcion-de-las-murallas\/","title":{"rendered":"Descripci\u00f3n de las Murallas"},"content":{"rendered":"<p><img loading=\"lazy\" decoding=\"async\" class=\"ngg-singlepic ngg-left alignleft\" src=\"https:\/\/www.cuellar.es\/murallasdecuellar\/wp-content\/gallery\/vista-pajaro\/img_4856.jpg\" alt=\"img_4856\" width=\"307\" height=\"230\" \/>A pesar de que el primer objetivo de una muralla era militar y defensivo ten\u00eda otras importantes funciones como el de recaudaci\u00f3n de impuestos \u2013derecho de portazgo-, protecci\u00f3n contra enfermedades, control de mercanc\u00edas o derechos de justicia. Todo esto la convert\u00eda en el s\u00edmbolo de poder m\u00e1s importante durante la Edad Media en la comarca donde se encontraba. Por lo tanto, el derecho de construir una muralla era un privilegio que era conocido como \u201cderecho de almenaje\u201d.<\/p>\n<p>Las murallas como elemento defensivo a ser posible se constru\u00edan estrat\u00e9gicamente en los lugares m\u00e1s inexpugnables: puntos m\u00e1s altos de un territorio o lugares protegidos por grandes pendientes o cauces de r\u00edos.<\/p>\n<p><strong>El Castillo<\/strong>. Probablemente el primer n\u00facleo defensivo ser\u00eda una torre a la que posteriormente se le a\u00f1ad\u00edan otras cerca de la primera, y unidas entre ellas formaban el recinto defensivo que ser\u00eda el primitivo castillo.<\/p>\n<p>Por lo que se refiere al castillo de Cu\u00e9llar tendr\u00edamos el primitivo recinto fortificado ocupando parte del actual castillo, conserv\u00e1ndose restos de este periodo en la puerta sureste en donde se aprecia restos de las torres mud\u00e9jares bajo los sillares de piedra que mand\u00f3 levantar el primer duque de Alburquerque.<\/p>\n<p><strong>Primer Recinto Amurallado<\/strong> (Ciudadela). A partir del castillo surg\u00eda el primer recinto amurallado que abarcaba el espacio m\u00e1s pr\u00f3ximo a la fortaleza, que a su vez era la parte m\u00e1s alta del entorno y estaba generalmente relacionado con las propiedades del se\u00f1or del castillo y alg\u00fan monumento religioso.<\/p>\n<p><img loading=\"lazy\" decoding=\"async\" class=\"ngg-singlepic ngg-right alignright\" src=\"https:\/\/www.cuellar.es\/murallasdecuellar\/wp-content\/gallery\/vista-pajaro\/img_5110.jpg\" alt=\"img_5110\" width=\"336\" height=\"252\" \/>En el caso de Cu\u00e9llar la ciudadela se extiende desde al castillo hacia el Oeste tomando por su lado Norte como l\u00edmite la calle de la Barrera hasta encontrarse con la iglesia de San Esteban, donde girar\u00eda hacia el Sur hasta llegar a la iglesia de Santiago donde girar\u00eda hacia el oeste hasta encontrarse de nuevo con el castillo, teniendo en su recorrido seis puertas.<\/p>\n<p><strong>Segundo Recinto\u00a0Amurallado<\/strong>\u00a0(Ciudad) La necesidad de proteger a la mayor poblaci\u00f3n posible, una vez el se\u00f1or\u00edo estaba consolidado, obligaba a ampliar el recinto murado mediante la construcci\u00f3n de un segundo recinto que, partiendo del primero cerraba el conjunto urbano de la ciudad, dejando el primer recinto independiente del segundo en casos de necesidad.<\/p>\n<p>La muralla de la ciudad en Cu\u00e9llar se extiende desde el primer recinto hacia el lado Oeste. Comenzando por su lado Norte inicia su recorrido desde la puerta de la Juder\u00eda hacia la puerta de San Andr\u00e9s, para recorrer por el Oeste toda la calle Nueva y pasar por las puertas de Carchena y San Pedro, donde gira hacia el Oeste en direcci\u00f3n a la puerta de la Trinidad, y dejando fuera el convento de los Trinitarios recorre el caser\u00edo de la calle de las Cuevas para terminar en la puerta de Las Cuevas.<\/p>\n","protected":false},"excerpt":{"rendered":"<p>A pesar de que el primer objetivo de una muralla era militar y defensivo ten\u00eda otras importantes funciones como el de recaudaci\u00f3n de impuestos \u2013derecho de portazgo-, protecci\u00f3n contra enfermedades, control de mercanc\u00edas o derechos de justicia. Todo esto la convert\u00eda en el s\u00edmbolo de poder m\u00e1s importante durante la Edad Media en la comarca &hellip; <\/p>\n<p><a class=\"more-link btn\" href=\"https:\/\/www.cuellar.es\/murallasdecuellar\/las-murallas-de-cuellar\/descripcion-de-las-murallas\/\">Seguir leyendo<\/a><\/p>\n","protected":false},"author":4,"featured_media":0,"parent":373,"menu_order":2,"comment_status":"closed","ping_status":"closed","template":"","meta":{"ngg_post_thumbnail":0,"footnotes":""},"class_list":["post-381","page","type-page","status-publish","hentry","nodate","item-wrap"],"_links":{"self":[{"href":"https:\/\/www.cuellar.es\/murallasdecuellar\/wp-json\/wp\/v2\/pages\/381","targetHints":{"allow":["GET"]}}],"collection":[{"href":"https:\/\/www.cuellar.es\/murallasdecuellar\/wp-json\/wp\/v2\/pages"}],"about":[{"href":"https:\/\/www.cuellar.es\/murallasdecuellar\/wp-json\/wp\/v2\/types\/page"}],"author":[{"embeddable":true,"href":"https:\/\/www.cuellar.es\/murallasdecuellar\/wp-json\/wp\/v2\/users\/4"}],"replies":[{"embeddable":true,"href":"https:\/\/www.cuellar.es\/murallasdecuellar\/wp-json\/wp\/v2\/comments?post=381"}],"version-history":[{"count":5,"href":"https:\/\/www.cuellar.es\/murallasdecuellar\/wp-json\/wp\/v2\/pages\/381\/revisions"}],"predecessor-version":[{"id":383,"href":"https:\/\/www.cuellar.es\/murallasdecuellar\/wp-json\/wp\/v2\/pages\/381\/revisions\/383"}],"up":[{"embeddable":true,"href":"https:\/\/www.cuellar.es\/murallasdecuellar\/wp-json\/wp\/v2\/pages\/373"}],"wp:attachment":[{"href":"https:\/\/www.cuellar.es\/murallasdecuellar\/wp-json\/wp\/v2\/media?parent=381"}],"curies":[{"name":"wp","href":"https:\/\/api.w.org\/{rel}","templated":true}]}}