{"id":299,"date":"2012-02-02T18:40:36","date_gmt":"2012-02-02T18:40:36","guid":{"rendered":"https:\/\/www.cuellar.es\/murallasdecuellar\/?page_id=299"},"modified":"2012-03-07T22:47:35","modified_gmt":"2012-03-07T22:47:35","slug":"tramo-desde-el-castillo-hasta-el-torreon-de-santiago","status":"publish","type":"page","link":"https:\/\/www.cuellar.es\/murallasdecuellar\/murallas-cuidad\/tramo-desde-el-castillo-hasta-el-torreon-de-santiago\/","title":{"rendered":"Tramo desde el Castillo hasta el torre\u00f3n de Santiago"},"content":{"rendered":"<p><img loading=\"lazy\" decoding=\"async\" class=\"aligncenter size-full wp-image-627\" title=\"castillo---santiago---princ\" src=\"https:\/\/www.cuellar.es\/murallasdecuellar\/wp-content\/uploads\/2012\/02\/castillo-santiago-princ.jpg\" alt=\"\" width=\"660\" height=\"240\" srcset=\"https:\/\/www.cuellar.es\/murallasdecuellar\/wp-content\/uploads\/2012\/02\/castillo-santiago-princ.jpg 660w, https:\/\/www.cuellar.es\/murallasdecuellar\/wp-content\/uploads\/2012\/02\/castillo-santiago-princ-300x109.jpg 300w\" sizes=\"auto, (max-width: 660px) 100vw, 660px\" \/><\/p>\n<p>&nbsp;<\/p>\n<p>El inicio de la muralla de la ciudadela por el Sur parte en el lado Oeste desde la puerta sureste del castillo y continua hacia el Oeste marcando el l\u00edmite amurallado con el parque de la Huerta del Duque hasta llegar a la puerta de Las Cuevas donde gira ligeramente al noreste hasta llegar a la puerta de Santiago donde termina el recorrido de la muralla restaurada con una esbelta torre que ha conseguido su altura original permitiendo unas vistas \u00fanicas tanto de la ciudad medieval como del \u201cmar de pinares\u201d o la cordillera central con la silueta de la \u201cMujer muerta\u201d.<\/p>\n<p>Para conseguir hacer el recorrido por el <a href=\"https:\/\/www.cuellar.es\/murallasdecuellar\/adarve\/\">adarve<\/a> es necesario subir desde la nueva torre levantada en la explanada del castillo. La visita de la muralla por el paseo de ronda permite desplazarse a lo largo de 600 metros, desde el castillo a la torre de la puerta de Santiago.<\/p>\n<p><img decoding=\"async\" class=\"ngg-singlepic ngg-left alignleft\" src=\"https:\/\/www.cuellar.es\/murallasdecuellar\/wp-content\/gallery\/del-castillo-a-santiago\/p9079943.jpg\" alt=\"p9079943\" width=\"300\" \/>Una de las obras m\u00e1s importantes en lo que se refiere a la cantidad de metros c\u00fabicos de material utilizado recuperando la muralla ha sido la uni\u00f3n de la muralla del extremo Oeste de la explanada del castillo con la puerta sureste del castillo ya que se ha levantado ex novo desde el subsuelo hasta el paseo de ronda consiguiendo unir el castillo con la muralla dejando un hueco de acceso por su parte inferior coincidiendo con el foso del castillo.<\/p>\n<p>Entre la puerta de las Cuevas y el castillo se ha abierto una peque\u00f1a puerta o postigo que se encontraba cegada y que permite acceder desde la explanada del castillo, frente a la iglesia de San Mart\u00edn, a la huerta del Duque.<\/p>\n<p>Desde lo alto de la muralla, extramuros de la ciudadela, veremos la Huerta del Duque, una gran zona verde que dispone de m\u00e1s de treinta variedades de \u00e1rboles y m\u00e1s de doscientas especies vegetales en una extensi\u00f3n que supera las ocho hect\u00e1reas.<\/p>\n<p>Cerrando el parque de la Huerta del Duque vemos una construcci\u00f3n en forma\u00a0 de torre\u00f3n circular conocida como el \u201cEl Cubo\u201d y que corresponde a los restos del primer molino de viento documentado en Castilla y Le\u00f3n (1496).<\/p>\n<p>A pesar de que no existe documentaci\u00f3n gr\u00e1fica sobre el conjunto defensivo de la puerta de las Cuevas su origen se remonta al siglo XII, seg\u00fan puede apreciarse en los restos mud\u00e9jares que se conservan en el torre\u00f3n de la desaparecida puerta (esquinas y verdugadas de ladrillo entre el muro de tapial de cal y canto).<\/p>\n<p>En la base del interior de la torre mud\u00e9jar se conservan interesantes restos del sistema constructivo original, pudiendo apreciarse las huellas dejadas por los tablones que formaba el encofrado de madera y la alternancia que ten\u00edan los cajones para superponerse y entrelazarse una vez se iba levantando la torre.<\/p>\n<p><img decoding=\"async\" class=\"ngg-singlepic ngg-right alignright\" src=\"https:\/\/www.cuellar.es\/murallasdecuellar\/wp-content\/gallery\/vista-pajaro\/img_4972.jpg\" alt=\"img_4972\" width=\"300\" \/>Desde la misma puerta de las Cuevas arranca hacia el Sureste la muralla de la ciudad o segundo recinto amurallado haciendo su recorrido en paralelo con la calle de las Cuevas.<\/p>\n<p>Acompa\u00f1ando a la muralla de la ciudad se levant\u00f3 una contramuralla que va en paralelo con la muralla por su lado externo. En el tramo de la calle de las Cuevas la contramuralla conserva ocho merlones originales en los que se puede ver que se construyeron con el sistema de encofrado de tapial. Tambi\u00e9n se pueden ver a lo largo del recorrido por la liza las saeteras que iban en dos alturas con formas rectangulares muy alargadas.<\/p>\n<p>La puerta de Santiago fue realizada con sillares de piedra caliza sobre la cual destaca el escudo con las armas de La Cueva, distintivo de la casa ducal de Alburquerque, se encuentra reforzada con una torre\u00a0 que con la reciente restauraci\u00f3n ha conseguido destacar sobre el resto de la muralla al recuperar su altura original.<\/p>\n<p><img decoding=\"async\" class=\"ngg-singlepic ngg-left alignleft\" src=\"https:\/\/www.cuellar.es\/murallasdecuellar\/wp-content\/gallery\/del-castillo-a-santiago\/127_5344.jpg\" alt=\"127_5344\" width=\"300\" \/>La torre de Santiago se levant\u00f3 con una base de mamposter\u00eda de cal y piedra caliza y en la parte superior aparecen las esquinas hechas en ladrillo macizo y los pa\u00f1os lisos de mamposter\u00eda alternando con verdugadas de ladrillo.<\/p>\n<p>Importante es la \u201cvista de p\u00e1jaro\u201d que se puede disfrutar de la ciudad medieval desde la terraza superior de la torre donde con paneles interpretativos se pueden identificar los monumentos m\u00e1s importantes de la Villa, as\u00ed como el entorno comarcal, \u201cel mar de pinares\u201d y la sierra del Guadarrama.<\/p>\n<p>De la iglesia de Santiago s\u00f3lo se conserva su \u00e1bside mud\u00e9jar y parte de la nave central. La planta original de la iglesia ten\u00eda una nave central con su \u00e1bside y dos estrechas naves laterales, terminando el templo en su lado Sur con un atrio porticado de arcos de ladrillo mud\u00e9jares.<\/p>\n<p>&nbsp;<\/p>\nngg_shortcode_0_placeholder\n<p>&nbsp;<\/p>\n<p>&nbsp;<\/p>\n","protected":false},"excerpt":{"rendered":"<p>&nbsp; El inicio de la muralla de la ciudadela por el Sur parte en el lado Oeste desde la puerta sureste del castillo y continua hacia el Oeste marcando el l\u00edmite amurallado con el parque de la Huerta del Duque hasta llegar a la puerta de Las Cuevas donde gira ligeramente al noreste hasta llegar &hellip; <\/p>\n<p><a class=\"more-link btn\" href=\"https:\/\/www.cuellar.es\/murallasdecuellar\/murallas-cuidad\/tramo-desde-el-castillo-hasta-el-torreon-de-santiago\/\">Seguir leyendo<\/a><\/p>\n","protected":false},"author":4,"featured_media":627,"parent":289,"menu_order":3,"comment_status":"closed","ping_status":"closed","template":"","meta":{"ngg_post_thumbnail":0,"footnotes":""},"class_list":["post-299","page","type-page","status-publish","has-post-thumbnail","hentry","nodate","item-wrap"],"_links":{"self":[{"href":"https:\/\/www.cuellar.es\/murallasdecuellar\/wp-json\/wp\/v2\/pages\/299","targetHints":{"allow":["GET"]}}],"collection":[{"href":"https:\/\/www.cuellar.es\/murallasdecuellar\/wp-json\/wp\/v2\/pages"}],"about":[{"href":"https:\/\/www.cuellar.es\/murallasdecuellar\/wp-json\/wp\/v2\/types\/page"}],"author":[{"embeddable":true,"href":"https:\/\/www.cuellar.es\/murallasdecuellar\/wp-json\/wp\/v2\/users\/4"}],"replies":[{"embeddable":true,"href":"https:\/\/www.cuellar.es\/murallasdecuellar\/wp-json\/wp\/v2\/comments?post=299"}],"version-history":[{"count":11,"href":"https:\/\/www.cuellar.es\/murallasdecuellar\/wp-json\/wp\/v2\/pages\/299\/revisions"}],"predecessor-version":[{"id":314,"href":"https:\/\/www.cuellar.es\/murallasdecuellar\/wp-json\/wp\/v2\/pages\/299\/revisions\/314"}],"up":[{"embeddable":true,"href":"https:\/\/www.cuellar.es\/murallasdecuellar\/wp-json\/wp\/v2\/pages\/289"}],"wp:featuredmedia":[{"embeddable":true,"href":"https:\/\/www.cuellar.es\/murallasdecuellar\/wp-json\/wp\/v2\/media\/627"}],"wp:attachment":[{"href":"https:\/\/www.cuellar.es\/murallasdecuellar\/wp-json\/wp\/v2\/media?parent=299"}],"curies":[{"name":"wp","href":"https:\/\/api.w.org\/{rel}","templated":true}]}}